Last updated on 2025-10-31 13:50:58 CET.
| Flavor | Version | Tinstall | Tcheck | Ttotal | Status | Flags | 
|---|---|---|---|---|---|---|
| r-devel-linux-x86_64-debian-clang | 1.4 | 6.16 | 60.26 | 66.42 | NOTE | |
| r-devel-linux-x86_64-debian-gcc | 1.4 | 3.71 | 39.86 | 43.57 | NOTE | |
| r-devel-linux-x86_64-fedora-clang | 1.4 | 13.00 | 92.53 | 105.53 | OK | |
| r-devel-linux-x86_64-fedora-gcc | 1.4 | 13.00 | 86.05 | 99.05 | OK | |
| r-devel-windows-x86_64 | 1.4 | 7.00 | 76.00 | 83.00 | OK | |
| r-patched-linux-x86_64 | 1.4 | 6.24 | 56.49 | 62.73 | OK | |
| r-release-linux-x86_64 | 1.4 | 5.93 | 56.81 | 62.74 | OK | |
| r-release-macos-arm64 | 1.4 | 3.00 | 29.00 | 32.00 | OK | |
| r-release-macos-x86_64 | 1.4 | 4.00 | 47.00 | 51.00 | OK | |
| r-release-windows-x86_64 | 1.4 | 7.00 | 75.00 | 82.00 | OK | |
| r-oldrel-macos-arm64 | 1.4 | 3.00 | 29.00 | 32.00 | OK | |
| r-oldrel-macos-x86_64 | 1.4 | 4.00 | 41.00 | 45.00 | OK | |
| r-oldrel-windows-x86_64 | 1.4 | 6.00 | 75.00 | 81.00 | OK | 
Version: 1.4
Check: CRAN incoming feasibility
Result: NOTE
  Maintainer: ‘Ana Lopez-Cheda <ana.lopez.cheda@udc.es>’
  
  No Authors@R field in DESCRIPTION.
  Please add one, modifying
    Authors@R: c(person(given = c("German", "Aneiros"),
                        family = "Perez",
                        role = "aut"),
                 person(given = "Ana",
                        family = "Lopez-Cheda",
                        role = c("aut", "cre"),
                        email = "ana.lopez.cheda@udc.es"))
  as necessary.
Flavors: r-devel-linux-x86_64-debian-clang, r-devel-linux-x86_64-debian-gcc