Last updated on 2025-11-28 00:50:01 CET.
| Flavor | Version | Tinstall | Tcheck | Ttotal | Status | Flags |
|---|---|---|---|---|---|---|
| r-devel-linux-x86_64-debian-clang | 0.3.8 | 131.24 | 29.83 | 161.07 | NOTE | |
| r-devel-linux-x86_64-debian-gcc | 0.3.8 | 93.91 | 23.62 | 117.53 | NOTE | |
| r-devel-linux-x86_64-fedora-clang | 0.3.8 | 396.00 | -52.64 | 343.36 | NOTE | |
| r-devel-linux-x86_64-fedora-gcc | 0.3.8 | 301.00 | -10.13 | 290.87 | NOTE | |
| r-devel-windows-x86_64 | 0.3.8 | 172.00 | 70.00 | 242.00 | NOTE | |
| r-patched-linux-x86_64 | 0.3.8 | 132.06 | 27.45 | 159.51 | NOTE | |
| r-release-linux-x86_64 | 0.3.8 | 134.59 | 27.08 | 161.67 | NOTE | |
| r-release-macos-arm64 | 0.3.8 | NOTE | ||||
| r-release-macos-x86_64 | 0.3.8 | 49.00 | 27.00 | 76.00 | NOTE | |
| r-release-windows-x86_64 | 0.3.8 | 140.00 | 78.00 | 218.00 | NOTE | |
| r-oldrel-macos-arm64 | 0.3.8 | NOTE | ||||
| r-oldrel-macos-x86_64 | 0.3.8 | 53.00 | 26.00 | 79.00 | NOTE | |
| r-oldrel-windows-x86_64 | 0.3.8 | 131.00 | 82.00 | 213.00 | NOTE |
Version: 0.3.8
Check: C++ specification
Result: NOTE
Specified C++11: please drop specification unless essential
Flavors: r-devel-linux-x86_64-debian-clang, r-devel-windows-x86_64, r-patched-linux-x86_64, r-release-linux-x86_64, r-release-macos-arm64, r-release-macos-x86_64, r-release-windows-x86_64, r-oldrel-macos-arm64, r-oldrel-macos-x86_64, r-oldrel-windows-x86_64
Version: 0.3.8
Check: C++ specification
Result: NOTE
Specified C++11: support will be removed soon
Flavors: r-devel-linux-x86_64-debian-gcc, r-devel-linux-x86_64-fedora-clang, r-devel-linux-x86_64-fedora-gcc
Version: 0.3.8
Check: installed package size
Result: NOTE
installed size is 8.9Mb
sub-directories of 1Mb or more:
libs 8.0Mb
Flavors: r-oldrel-macos-arm64, r-oldrel-macos-x86_64