Last updated on 2025-10-31 13:50:58 CET.
| Flavor | Version | Tinstall | Tcheck | Ttotal | Status | Flags | 
|---|---|---|---|---|---|---|
| r-devel-linux-x86_64-debian-clang | 0.2.3 | 2.71 | 195.96 | 198.67 | NOTE | |
| r-devel-linux-x86_64-debian-gcc | 0.2.3 | 2.75 | 114.15 | 116.90 | NOTE | |
| r-devel-linux-x86_64-fedora-clang | 0.2.3 | 330.12 | OK | |||
| r-devel-linux-x86_64-fedora-gcc | 0.2.3 | 328.95 | OK | |||
| r-devel-windows-x86_64 | 0.2.3 | 6.00 | 163.00 | 169.00 | OK | |
| r-patched-linux-x86_64 | 0.2.3 | 4.20 | 180.76 | 184.96 | OK | |
| r-release-linux-x86_64 | 0.2.3 | 3.68 | 178.89 | 182.57 | OK | |
| r-release-macos-arm64 | 0.2.3 | 2.00 | 86.00 | 88.00 | OK | |
| r-release-macos-x86_64 | 0.2.3 | 4.00 | 175.00 | 179.00 | OK | |
| r-release-windows-x86_64 | 0.2.3 | 5.00 | 166.00 | 171.00 | OK | |
| r-oldrel-macos-arm64 | 0.2.3 | 2.00 | 77.00 | 79.00 | OK | |
| r-oldrel-macos-x86_64 | 0.2.3 | 3.00 | 123.00 | 126.00 | OK | |
| r-oldrel-windows-x86_64 | 0.2.3 | 7.00 | 228.00 | 235.00 | OK | 
Version: 0.2.3
Check: CRAN incoming feasibility
Result: NOTE
  Maintainer: ‘Karla Mayra Perez <karla.mayra25@gmail.com>’
  
  No Authors@R field in DESCRIPTION.
  Please add one, modifying
    Authors@R: c(person(given = c("Karla", "Mayra"),
                        family = "Perez",
                        role = c("aut", "cre"),
                        email = "karla.mayra25@gmail.com"),
                 person(given = c("Luis", "E."),
                        family = "Nieto-Barajas",
                        role = "aut"))
  as necessary.
  
  The Description field contains
    (2019) <arXiv:1902.06020>).
  Please refer to arXiv e-prints via their arXiv DOI <doi:10.48550/arXiv.YYMM.NNNNN>.
Flavors: r-devel-linux-x86_64-debian-clang, r-devel-linux-x86_64-debian-gcc