CRAN Package Check Results for Package PanCanVarSel

Last updated on 2025-11-01 00:50:06 CET.

Flavor Version Tinstall Tcheck Ttotal Status Flags
r-devel-linux-x86_64-debian-clang 0.0.3 2.96 45.50 48.46 OK
r-devel-linux-x86_64-debian-gcc 0.0.3 2.04 34.19 36.23 OK
r-devel-linux-x86_64-fedora-clang 0.0.3 73.79 NOTE
r-devel-linux-x86_64-fedora-gcc 0.0.3 69.62 NOTE
r-devel-windows-x86_64 0.0.3 4.00 62.00 66.00 OK
r-patched-linux-x86_64 0.0.3 2.80 44.91 47.71 OK
r-release-linux-x86_64 0.0.3 2.42 44.69 47.11 OK
r-release-macos-arm64 0.0.3 2.00 28.00 30.00 OK
r-release-macos-x86_64 0.0.3 3.00 52.00 55.00 OK
r-release-windows-x86_64 0.0.3 5.00 62.00 67.00 OK
r-oldrel-macos-arm64 0.0.3 1.00 25.00 26.00 NOTE
r-oldrel-macos-x86_64 0.0.3 2.00 36.00 38.00 NOTE
r-oldrel-windows-x86_64 0.0.3 5.00 75.00 80.00 NOTE

Check Details

Version: 0.0.3
Check: dependencies in R code
Result: NOTE Namespace in Imports field not imported from: ‘smoothmest’ All declared Imports should be used. Flavors: r-devel-linux-x86_64-fedora-clang, r-devel-linux-x86_64-fedora-gcc

Version: 0.0.3
Check: LazyData
Result: NOTE 'LazyData' is specified without a 'data' directory Flavors: r-oldrel-macos-arm64, r-oldrel-macos-x86_64, r-oldrel-windows-x86_64