Last updated on 2025-10-31 13:50:57 CET.
| Flavor | Version | Tinstall | Tcheck | Ttotal | Status | Flags | 
|---|---|---|---|---|---|---|
| r-devel-linux-x86_64-debian-clang | 2.0 | 1.74 | 19.74 | 21.48 | NOTE | |
| r-devel-linux-x86_64-debian-gcc | 2.0 | 1.27 | 16.40 | 17.67 | NOTE | |
| r-devel-linux-x86_64-fedora-clang | 2.0 | 11.00 | 22.42 | 33.42 | NOTE | |
| r-devel-linux-x86_64-fedora-gcc | 2.0 | 12.00 | 19.57 | 31.57 | NOTE | |
| r-devel-windows-x86_64 | 2.0 | 2.00 | 38.00 | 40.00 | NOTE | |
| r-patched-linux-x86_64 | 2.0 | 1.58 | 18.32 | 19.90 | NOTE | |
| r-release-linux-x86_64 | 2.0 | 1.70 | 18.49 | 20.19 | NOTE | |
| r-release-macos-arm64 | 2.0 | 1.00 | 16.00 | 17.00 | NOTE | |
| r-release-macos-x86_64 | 2.0 | 2.00 | 22.00 | 24.00 | NOTE | |
| r-release-windows-x86_64 | 2.0 | 2.00 | 42.00 | 44.00 | NOTE | |
| r-oldrel-macos-arm64 | 2.0 | 1.00 | 15.00 | 16.00 | NOTE | |
| r-oldrel-macos-x86_64 | 2.0 | 2.00 | 18.00 | 20.00 | NOTE | |
| r-oldrel-windows-x86_64 | 2.0 | 2.00 | 40.00 | 42.00 | NOTE | 
Version: 2.0
Check: CRAN incoming feasibility
Result: NOTE
  Maintainer: ‘Guoli Sun <guolisun87@gmail.com>’
  
  No Authors@R field in DESCRIPTION.
  Please add one, modifying
    Authors@R: c(person(given = "Alex",
                        family = "Krasnitz",
                        role = "aut"),
                 person(given = "Guoli",
                        family = "Sun",
                        role = c("aut", "cre"),
                        email = "guolisun87@gmail.com"))
  as necessary.
Flavors: r-devel-linux-x86_64-debian-clang, r-devel-linux-x86_64-debian-gcc
Version: 2.0
Check: DESCRIPTION meta-information
Result: NOTE
  Malformed Description field: should contain one or more complete sentences.
Flavors: r-devel-linux-x86_64-debian-clang, r-devel-linux-x86_64-debian-gcc, r-devel-linux-x86_64-fedora-clang, r-devel-linux-x86_64-fedora-gcc, r-devel-windows-x86_64, r-patched-linux-x86_64, r-release-linux-x86_64, r-release-macos-arm64, r-release-macos-x86_64, r-release-windows-x86_64, r-oldrel-macos-arm64, r-oldrel-macos-x86_64, r-oldrel-windows-x86_64