Last updated on 2025-11-05 12:51:01 CET.
| Flavor | Version | Tinstall | Tcheck | Ttotal | Status | Flags |
|---|---|---|---|---|---|---|
| r-devel-linux-x86_64-debian-clang | 1.0.3 | 15.19 | 113.55 | 128.74 | NOTE | |
| r-devel-linux-x86_64-debian-gcc | 1.0.3 | 10.34 | 80.03 | 90.37 | NOTE | |
| r-devel-linux-x86_64-fedora-clang | 1.0.3 | 35.00 | 163.00 | 198.00 | NOTE | |
| r-devel-linux-x86_64-fedora-gcc | 1.0.3 | 37.00 | 147.38 | 184.38 | NOTE | |
| r-devel-windows-x86_64 | 1.0.3 | 16.00 | 105.00 | 121.00 | NOTE | |
| r-patched-linux-x86_64 | 1.0.3 | 14.91 | 105.48 | 120.39 | NOTE | |
| r-release-linux-x86_64 | 1.0.3 | 13.58 | 106.97 | 120.55 | NOTE | |
| r-release-macos-arm64 | 1.0.3 | 6.00 | 47.00 | 53.00 | NOTE | |
| r-release-macos-x86_64 | 1.0.3 | 15.00 | 77.00 | 92.00 | NOTE | |
| r-release-windows-x86_64 | 1.0.3 | 15.00 | 101.00 | 116.00 | NOTE | |
| r-oldrel-macos-arm64 | 1.0.3 | 6.00 | 43.00 | 49.00 | NOTE | |
| r-oldrel-macos-x86_64 | 1.0.3 | 9.00 | 60.00 | 69.00 | NOTE | |
| r-oldrel-windows-x86_64 | 1.0.3 | 22.00 | 133.00 | 155.00 | NOTE |
Version: 1.0.3
Check: Rd files
Result: NOTE
checkRd: (-1) PhageCocktail.Rd:100-103: Lost braces
100 | "Result": {
| ^
checkRd: (-1) PhageCocktail.Rd:105-112: Lost braces
105 | "BacteriaLysed": {
| ^
Flavors: r-devel-linux-x86_64-debian-clang, r-devel-linux-x86_64-debian-gcc, r-devel-linux-x86_64-fedora-clang, r-devel-linux-x86_64-fedora-gcc, r-devel-windows-x86_64, r-patched-linux-x86_64, r-release-linux-x86_64, r-release-macos-arm64, r-release-macos-x86_64, r-release-windows-x86_64, r-oldrel-macos-arm64, r-oldrel-macos-x86_64, r-oldrel-windows-x86_64