Last updated on 2025-10-31 13:50:58 CET.
| Flavor | Version | Tinstall | Tcheck | Ttotal | Status | Flags | 
|---|---|---|---|---|---|---|
| r-devel-linux-x86_64-debian-clang | 1.0.1 | 1.79 | 19.58 | 21.37 | NOTE | |
| r-devel-linux-x86_64-debian-gcc | 1.0.1 | 1.54 | 16.35 | 17.89 | NOTE | |
| r-devel-linux-x86_64-fedora-clang | 1.0.1 | 32.34 | OK | |||
| r-devel-linux-x86_64-fedora-gcc | 1.0.1 | 30.21 | OK | |||
| r-devel-windows-x86_64 | 1.0.1 | 3.00 | 34.00 | 37.00 | OK | |
| r-patched-linux-x86_64 | 1.0.1 | 1.65 | 18.51 | 20.16 | OK | |
| r-release-linux-x86_64 | 1.0.1 | 1.76 | 18.78 | 20.54 | OK | |
| r-release-macos-arm64 | 1.0.1 | 1.00 | 14.00 | 15.00 | OK | |
| r-release-macos-x86_64 | 1.0.1 | 2.00 | 20.00 | 22.00 | OK | |
| r-release-windows-x86_64 | 1.0.1 | 3.00 | 35.00 | 38.00 | OK | |
| r-oldrel-macos-arm64 | 1.0.1 | 1.00 | 14.00 | 15.00 | OK | |
| r-oldrel-macos-x86_64 | 1.0.1 | 2.00 | 17.00 | 19.00 | OK | |
| r-oldrel-windows-x86_64 | 1.0.1 | 2.00 | 35.00 | 37.00 | OK | 
Version: 1.0.1
Check: CRAN incoming feasibility
Result: NOTE
  Maintainer: ‘Tim Liao <tfliao@illinois.edu>’
  
  No Authors@R field in DESCRIPTION.
  Please add one, modifying
    Authors@R: person(given = "Tim",
                      family = "Liao",
                      role = c("aut", "cre"),
                      email = "tfliao@illinois.edu")
  as necessary.
Flavors: r-devel-linux-x86_64-debian-clang, r-devel-linux-x86_64-debian-gcc