Last updated on 2025-10-31 13:50:58 CET.
| Flavor | Version | Tinstall | Tcheck | Ttotal | Status | Flags | 
|---|---|---|---|---|---|---|
| r-devel-linux-x86_64-debian-clang | 1.1-0.1 | 3.41 | 33.49 | 36.90 | NOTE | |
| r-devel-linux-x86_64-debian-gcc | 1.1-0.1 | 2.07 | 24.96 | 27.03 | NOTE | |
| r-devel-linux-x86_64-fedora-clang | 1.1-0.1 | 56.03 | OK | |||
| r-devel-linux-x86_64-fedora-gcc | 1.1-0.1 | 53.31 | OK | |||
| r-devel-windows-x86_64 | 1.1-0.1 | 4.00 | 48.00 | 52.00 | OK | |
| r-patched-linux-x86_64 | 1.1-0.1 | 3.25 | 30.88 | 34.13 | OK | |
| r-release-linux-x86_64 | 1.1-0.1 | 3.50 | 30.75 | 34.25 | OK | |
| r-release-macos-arm64 | 1.1-0.1 | 2.00 | 18.00 | 20.00 | OK | |
| r-release-macos-x86_64 | 1.1-0.1 | 3.00 | 29.00 | 32.00 | OK | |
| r-release-windows-x86_64 | 1.1-0.1 | 5.00 | 49.00 | 54.00 | OK | |
| r-oldrel-macos-arm64 | 1.1-0.1 | 2.00 | 21.00 | 23.00 | OK | |
| r-oldrel-macos-x86_64 | 1.1-0.1 | 2.00 | 30.00 | 32.00 | OK | |
| r-oldrel-windows-x86_64 | 1.1-0.1 | 3.00 | 47.00 | 50.00 | OK | 
Version: 1.1-0.1
Check: CRAN incoming feasibility
Result: NOTE
  Maintainer: ‘Giuliana Cortese <gcortese@stat.unipd.it>’
  
  No Authors@R field in DESCRIPTION.
  Please add one, modifying
    Authors@R: person(given = "Giuliana",
                      family = "Cortese",
                      role = c("aut", "cre"),
                      email = "gcortese@stat.unipd.it")
  as necessary.
Flavors: r-devel-linux-x86_64-debian-clang, r-devel-linux-x86_64-debian-gcc