Last updated on 2025-10-31 13:50:59 CET.
| Flavor | Version | Tinstall | Tcheck | Ttotal | Status | Flags | 
|---|---|---|---|---|---|---|
| r-devel-linux-x86_64-debian-clang | 1.2 | 2.86 | 36.56 | 39.42 | NOTE | |
| r-devel-linux-x86_64-debian-gcc | 1.2 | 2.12 | 26.81 | 28.93 | NOTE | |
| r-devel-linux-x86_64-fedora-clang | 1.2 | 60.93 | OK | |||
| r-devel-linux-x86_64-fedora-gcc | 1.2 | 56.93 | OK | |||
| r-devel-windows-x86_64 | 1.2 | 3.00 | 54.00 | 57.00 | OK | |
| r-patched-linux-x86_64 | 1.2 | 3.03 | 33.53 | 36.56 | OK | |
| r-release-linux-x86_64 | 1.2 | 2.54 | 34.13 | 36.67 | OK | |
| r-release-macos-arm64 | 1.2 | 2.00 | 22.00 | 24.00 | OK | |
| r-release-macos-x86_64 | 1.2 | 4.00 | 47.00 | 51.00 | OK | |
| r-release-windows-x86_64 | 1.2 | 4.00 | 55.00 | 59.00 | OK | |
| r-oldrel-macos-arm64 | 1.2 | 2.00 | 21.00 | 23.00 | OK | |
| r-oldrel-macos-x86_64 | 1.2 | 4.00 | 38.00 | 42.00 | OK | |
| r-oldrel-windows-x86_64 | 1.2 | 4.00 | 54.00 | 58.00 | OK | 
Version: 1.2
Check: CRAN incoming feasibility
Result: NOTE
  Maintainer: ‘Blondeau Da Silva Stephane <blondeaudasilva@xlim.fr>’
  
  No Authors@R field in DESCRIPTION.
  Please add one, modifying
    Authors@R: c(person(given = c("Blondeau", "Da", "Silva"),
                        family = "Stephane.",
                        role = "aut"),
                 person(given = c("Blondeau", "Da", "Silva"),
                        family = "Stephane",
                        role = "cre",
                        email = "blondeaudasilva@xlim.fr"))
  as necessary.
Flavors: r-devel-linux-x86_64-debian-clang, r-devel-linux-x86_64-debian-gcc