Last updated on 2024-05-27 02:48:13 CEST.
Flavor | Version | Tinstall | Tcheck | Ttotal | Status | Flags |
---|---|---|---|---|---|---|
r-devel-linux-x86_64-debian-clang | 0.1.0 | 12.21 | 307.49 | 319.70 | OK | |
r-devel-linux-x86_64-debian-gcc | 0.1.0 | 7.49 | 210.62 | 218.11 | OK | |
r-devel-linux-x86_64-fedora-clang | 0.1.0 | 380.48 | NOTE | |||
r-devel-linux-x86_64-fedora-gcc | 0.1.0 | 372.76 | NOTE | |||
r-devel-windows-x86_64 | 0.1.0 | 11.00 | 222.00 | 233.00 | OK | |
r-patched-linux-x86_64 | 0.1.0 | 14.22 | 282.81 | 297.03 | OK | |
r-release-linux-x86_64 | 0.1.0 | 10.00 | 282.74 | 292.74 | OK | |
r-release-macos-arm64 | 0.1.0 | 96.00 | OK | |||
r-release-windows-x86_64 | 0.1.0 | 11.00 | 224.00 | 235.00 | OK | |
r-oldrel-macos-arm64 | 0.1.0 | 100.00 | OK | |||
r-oldrel-macos-x86_64 | 0.1.0 | 163.00 | OK | |||
r-oldrel-windows-x86_64 | 0.1.0 | 14.00 | 300.00 | 314.00 | OK |
Version: 0.1.0
Check: dependencies in R code
Result: NOTE
Namespace in Imports field not imported from: ‘data.table’
All declared Imports should be used.
Flavors: r-devel-linux-x86_64-fedora-clang, r-devel-linux-x86_64-fedora-gcc