Last updated on 2025-10-31 13:50:59 CET.
| Flavor | Version | Tinstall | Tcheck | Ttotal | Status | Flags | 
|---|---|---|---|---|---|---|
| r-devel-linux-x86_64-debian-clang | 1.0-2 | 50.76 | 114.09 | 164.85 | OK | |
| r-devel-linux-x86_64-debian-gcc | 1.0-2 | 44.65 | 80.87 | 125.52 | OK | |
| r-devel-linux-x86_64-fedora-clang | 1.0-2 | 102.00 | 149.29 | 251.29 | OK | |
| r-devel-linux-x86_64-fedora-gcc | 1.0-2 | 88.00 | 148.42 | 236.42 | OK | |
| r-devel-windows-x86_64 | 1.0-2 | 49.00 | 116.00 | 165.00 | OK | |
| r-patched-linux-x86_64 | 1.0-2 | 50.45 | 107.56 | 158.01 | OK | |
| r-release-linux-x86_64 | 1.0-2 | 51.93 | 109.91 | 161.84 | OK | |
| r-release-macos-arm64 | 1.0-2 | 29.00 | 64.00 | 93.00 | OK | |
| r-release-macos-x86_64 | 1.0-2 | 74.00 | 115.00 | 189.00 | OK | |
| r-release-windows-x86_64 | 1.0-2 | 51.00 | 119.00 | 170.00 | OK | |
| r-oldrel-macos-arm64 | 1.0-2 | 29.00 | 57.00 | 86.00 | NOTE | |
| r-oldrel-macos-x86_64 | 1.0-2 | 44.00 | 116.00 | 160.00 | NOTE | |
| r-oldrel-windows-x86_64 | 1.0-2 | 46.00 | 118.00 | 164.00 | OK | 
Version: 1.0-2
Check: installed package size
Result: NOTE
    installed size is  5.4Mb
    sub-directories of 1Mb or more:
      R   5.2Mb
Flavors: r-oldrel-macos-arm64, r-oldrel-macos-x86_64