Last updated on 2025-10-31 13:50:59 CET.
| Flavor | Version | Tinstall | Tcheck | Ttotal | Status | Flags | 
|---|---|---|---|---|---|---|
| r-devel-linux-x86_64-debian-clang | 0.6.0 | 2.12 | 19.24 | 21.36 | NOTE | |
| r-devel-linux-x86_64-debian-gcc | 0.6.0 | 1.61 | 15.73 | 17.34 | NOTE | |
| r-devel-linux-x86_64-fedora-clang | 0.6.0 | 31.33 | OK | |||
| r-devel-linux-x86_64-fedora-gcc | 0.6.0 | 29.57 | OK | |||
| r-devel-windows-x86_64 | 0.6.0 | 3.00 | 34.00 | 37.00 | OK | |
| r-patched-linux-x86_64 | 0.6.0 | 2.00 | 18.17 | 20.17 | OK | |
| r-release-linux-x86_64 | 0.6.0 | 1.74 | 18.18 | 19.92 | OK | |
| r-release-macos-arm64 | 0.6.0 | 1.00 | 14.00 | 15.00 | OK | |
| r-release-macos-x86_64 | 0.6.0 | 2.00 | 20.00 | 22.00 | OK | |
| r-release-windows-x86_64 | 0.6.0 | 4.00 | 36.00 | 40.00 | OK | |
| r-oldrel-macos-arm64 | 0.6.0 | 1.00 | 13.00 | 14.00 | OK | |
| r-oldrel-macos-x86_64 | 0.6.0 | 2.00 | 17.00 | 19.00 | OK | |
| r-oldrel-windows-x86_64 | 0.6.0 | 3.00 | 35.00 | 38.00 | OK | 
Version: 0.6.0
Check: CRAN incoming feasibility
Result: NOTE
  Maintainer: ‘Yan Li <bluefatterplaydota@gmail.com>’
  
  No Authors@R field in DESCRIPTION.
  Please add one, modifying
    Authors@R: c(person(given = "Yan",
                        family = "Li",
                        role = c("aut", "cre", "trl"),
                        email = "bluefatterplaydota@gmail.com"),
                 person(given = "Matthew",
                        family = "Sperrin",
                        role = c("aut", "ctb")),
                 person(given = "ClinRisk",
                        family = "Ltd.",
                        role = "cph"),
                 person(given = c("Tjeerd", "Pieter"),
                        family = "van Staa",
                        role = c("aut", "ths")))
  as necessary.
Flavors: r-devel-linux-x86_64-debian-clang, r-devel-linux-x86_64-debian-gcc