Last updated on 2025-10-31 13:50:59 CET.
| Flavor | Version | Tinstall | Tcheck | Ttotal | Status | Flags | 
|---|---|---|---|---|---|---|
| r-devel-linux-x86_64-debian-clang | 1.1.2 | 36.54 | 294.41 | 330.95 | OK | |
| r-devel-linux-x86_64-debian-gcc | 1.1.2 | 27.51 | 187.48 | 214.99 | OK | |
| r-devel-linux-x86_64-fedora-clang | 1.1.2 | 166.00 | 380.38 | 546.38 | OK | |
| r-devel-linux-x86_64-fedora-gcc | 1.1.2 | 77.00 | 435.09 | 512.09 | OK | |
| r-devel-windows-x86_64 | 1.1.2 | 38.00 | 274.00 | 312.00 | OK | |
| r-patched-linux-x86_64 | 1.1.2 | 38.33 | 273.66 | 311.99 | OK | |
| r-release-linux-x86_64 | 1.1.2 | 36.42 | 271.18 | 307.60 | OK | |
| r-release-macos-arm64 | 1.1.2 | 17.00 | 119.00 | 136.00 | OK | |
| r-release-macos-x86_64 | 1.1.2 | 38.00 | 211.00 | 249.00 | OK | |
| r-release-windows-x86_64 | 1.1.2 | 39.00 | 278.00 | 317.00 | OK | |
| r-oldrel-macos-arm64 | 1.1.2 | 18.00 | 119.00 | 137.00 | NOTE | |
| r-oldrel-macos-x86_64 | 1.1.2 | 35.00 | 214.00 | 249.00 | NOTE | |
| r-oldrel-windows-x86_64 | 1.1.2 | 53.00 | 392.00 | 445.00 | NOTE | 
Version: 1.1.2
Check: installed package size
Result: NOTE
    installed size is  5.3Mb
    sub-directories of 1Mb or more:
      doc         2.1Mb
      shiny_app   1.2Mb
Flavors: r-oldrel-macos-arm64, r-oldrel-macos-x86_64, r-oldrel-windows-x86_64