Last updated on 2025-10-31 13:50:59 CET.
| Flavor | Version | Tinstall | Tcheck | Ttotal | Status | Flags | 
|---|---|---|---|---|---|---|
| r-devel-linux-x86_64-debian-clang | 0.2.8 | 51.81 | 372.64 | 424.45 | OK | |
| r-devel-linux-x86_64-debian-gcc | 0.2.8 | 34.07 | 265.26 | 299.33 | OK | |
| r-devel-linux-x86_64-fedora-clang | 0.2.8 | 395.00 | 326.80 | 721.80 | OK | |
| r-devel-linux-x86_64-fedora-gcc | 0.2.8 | 344.00 | 346.89 | 690.89 | OK | |
| r-devel-windows-x86_64 | 0.2.8 | 48.00 | 329.00 | 377.00 | OK | |
| r-patched-linux-x86_64 | 0.2.8 | 0.41 | 2.16 | 2.57 | ERROR | |
| r-release-linux-x86_64 | 0.2.8 | 48.73 | 357.40 | 406.13 | OK | |
| r-release-macos-arm64 | 0.2.8 | 22.00 | 167.00 | 189.00 | OK | |
| r-release-macos-x86_64 | 0.2.8 | 51.00 | 337.00 | 388.00 | OK | |
| r-release-windows-x86_64 | 0.2.8 | 50.00 | 332.00 | 382.00 | OK | |
| r-oldrel-macos-arm64 | 0.2.8 | 26.00 | 249.00 | 275.00 | NOTE | |
| r-oldrel-macos-x86_64 | 0.2.8 | 59.00 | 319.00 | 378.00 | OK | |
| r-oldrel-windows-x86_64 | 0.2.8 | 68.00 | 461.00 | 529.00 | OK | 
Version: 0.2.8
Check: package dependencies
Result: ERROR
  Packages required but not available:
    'SummarizedExperiment', 'DESeq2', 'GEOquery'
  
  Package suggested but not available for checking: ‘oligo’
  
  See section ‘The DESCRIPTION file’ in the ‘Writing R Extensions’
  manual.
Flavor: r-patched-linux-x86_64
Version: 0.2.8
Check: package dependencies
Result: NOTE
  Package suggested but not available for checking: ‘hgu133plus2.db’
Flavor: r-oldrel-macos-arm64