Last updated on 2025-10-31 13:51:00 CET.
| Flavor | Version | Tinstall | Tcheck | Ttotal | Status | Flags | 
|---|---|---|---|---|---|---|
| r-devel-linux-x86_64-debian-clang | 1.3 | 2.01 | 20.98 | 22.99 | NOTE | |
| r-devel-linux-x86_64-debian-gcc | 1.3 | 1.59 | 16.91 | 18.50 | NOTE | |
| r-devel-linux-x86_64-fedora-clang | 1.3 | 33.52 | OK | |||
| r-devel-linux-x86_64-fedora-gcc | 1.3 | 31.82 | OK | |||
| r-devel-windows-x86_64 | 1.3 | 4.00 | 45.00 | 49.00 | OK | |
| r-patched-linux-x86_64 | 1.3 | 1.91 | 19.91 | 21.82 | OK | |
| r-release-linux-x86_64 | 1.3 | 1.92 | 19.84 | 21.76 | OK | |
| r-release-macos-arm64 | 1.3 | 1.00 | 13.00 | 14.00 | OK | |
| r-release-macos-x86_64 | 1.3 | 2.00 | 22.00 | 24.00 | OK | |
| r-release-windows-x86_64 | 1.3 | 3.00 | 47.00 | 50.00 | OK | |
| r-oldrel-macos-arm64 | 1.3 | 1.00 | 13.00 | 14.00 | OK | |
| r-oldrel-macos-x86_64 | 1.3 | 2.00 | 19.00 | 21.00 | OK | |
| r-oldrel-windows-x86_64 | 1.3 | 3.00 | 44.00 | 47.00 | OK | 
Version: 1.3
Check: CRAN incoming feasibility
Result: NOTE
  Maintainer: ‘Ben Waxer <bwaxer@auriq.com>’
  
  No Authors@R field in DESCRIPTION.
  Please add one, modifying
    Authors@R: person(given = "Ben",
                      family = "Waxer",
                      role = c("aut", "cre"),
                      email = "bwaxer@auriq.com")
  as necessary.
  
  The Description field contains
    http://www.auriq.com/documentation/source/install/index.html.
  Please enclose URLs in angle brackets (<...>).
Flavors: r-devel-linux-x86_64-debian-clang, r-devel-linux-x86_64-debian-gcc