Last updated on 2025-10-31 13:51:00 CET.
| Flavor | Version | Tinstall | Tcheck | Ttotal | Status | Flags | 
|---|---|---|---|---|---|---|
| r-devel-linux-x86_64-debian-clang | 1.0 | 1.73 | 18.30 | 20.03 | NOTE | |
| r-devel-linux-x86_64-debian-gcc | 1.0 | 1.46 | 15.10 | 16.56 | NOTE | |
| r-devel-linux-x86_64-fedora-clang | 1.0 | 29.89 | OK | |||
| r-devel-linux-x86_64-fedora-gcc | 1.0 | 27.86 | OK | |||
| r-devel-windows-x86_64 | 1.0 | 3.00 | 33.00 | 36.00 | OK | |
| r-patched-linux-x86_64 | 1.0 | 1.70 | 17.20 | 18.90 | OK | |
| r-release-linux-x86_64 | 1.0 | 1.71 | 17.22 | 18.93 | OK | |
| r-release-macos-arm64 | 1.0 | 1.00 | 14.00 | 15.00 | OK | |
| r-release-macos-x86_64 | 1.0 | 1.00 | 23.00 | 24.00 | OK | |
| r-release-windows-x86_64 | 1.0 | 3.00 | 35.00 | 38.00 | OK | |
| r-oldrel-macos-arm64 | 1.0 | 1.00 | 11.00 | 12.00 | NOTE | |
| r-oldrel-macos-x86_64 | 1.0 | 2.00 | 18.00 | 20.00 | NOTE | |
| r-oldrel-windows-x86_64 | 1.0 | 3.00 | 34.00 | 37.00 | NOTE | 
Version: 1.0
Check: CRAN incoming feasibility
Result: NOTE
  Maintainer: ‘John Ruscio <ruscio@tcnj.edu>’
  
  No Authors@R field in DESCRIPTION.
  Please add one, modifying
    Authors@R: person(given = "John",
                      family = "Ruscio",
                      role = c("aut", "cre"),
                      email = "ruscio@tcnj.edu")
  as necessary.
Flavors: r-devel-linux-x86_64-debian-clang, r-devel-linux-x86_64-debian-gcc
Version: 1.0
Check: LazyData
Result: NOTE
    'LazyData' is specified without a 'data' directory
Flavors: r-oldrel-macos-arm64, r-oldrel-macos-x86_64, r-oldrel-windows-x86_64