Last updated on 2024-07-18 01:55:41 CEST.
Flavor | Version | Tinstall | Tcheck | Ttotal | Status | Flags |
---|---|---|---|---|---|---|
r-devel-linux-x86_64-debian-clang | 0.2-10 | 4.82 | 46.73 | 51.55 | NOTE | |
r-devel-linux-x86_64-debian-gcc | 0.2-10 | 4.55 | 35.11 | 39.66 | NOTE | |
r-devel-linux-x86_64-fedora-clang | 0.2-10 | 67.48 | NOTE | |||
r-devel-linux-x86_64-fedora-gcc | 0.2-10 | 66.74 | NOTE | |||
r-devel-windows-x86_64 | 0.2-10 | 5.00 | 58.00 | 63.00 | OK | |
r-patched-linux-x86_64 | 0.2-10 | 5.08 | 45.20 | 50.28 | NOTE | |
r-release-linux-x86_64 | 0.2-10 | 5.29 | 45.40 | 50.69 | NOTE | |
r-release-macos-arm64 | 0.2-10 | 22.00 | NOTE | |||
r-release-macos-x86_64 | 0.2-10 | 35.00 | NOTE | |||
r-release-windows-x86_64 | 0.2-10 | 5.00 | 58.00 | 63.00 | OK | |
r-oldrel-macos-arm64 | 0.2-10 | 23.00 | OK | |||
r-oldrel-macos-x86_64 | 0.2-10 | 33.00 | OK | |||
r-oldrel-windows-x86_64 | 0.2-10 | 6.00 | 61.00 | 67.00 | OK |
Version: 0.2-10
Check: DESCRIPTION meta-information
Result: NOTE
License stub is invalid DCF.
Flavors: r-devel-linux-x86_64-debian-clang, r-devel-linux-x86_64-debian-gcc, r-patched-linux-x86_64, r-release-linux-x86_64, r-release-macos-arm64, r-release-macos-x86_64
Version: 0.2-10
Check: DESCRIPTION meta-information
Result: NOTE
Licence stub is invalid DCF.
Flavors: r-devel-linux-x86_64-fedora-clang, r-devel-linux-x86_64-fedora-gcc