Last updated on 2025-10-31 13:51:00 CET.
| Flavor | Version | Tinstall | Tcheck | Ttotal | Status | Flags | 
|---|---|---|---|---|---|---|
| r-devel-linux-x86_64-debian-clang | 5.0-4 | 3.15 | 23.88 | 27.03 | OK | |
| r-devel-linux-x86_64-debian-gcc | 5.0-4 | 2.88 | 18.40 | 21.28 | OK | |
| r-devel-linux-x86_64-fedora-clang | 5.0-4 | 42.08 | OK | |||
| r-devel-linux-x86_64-fedora-gcc | 5.0-4 | 39.63 | OK | |||
| r-devel-windows-x86_64 | 5.0-4 | 5.00 | 32.00 | 37.00 | OK | |
| r-patched-linux-x86_64 | 5.0-4 | 3.20 | 22.41 | 25.61 | OK | |
| r-release-linux-x86_64 | 5.0-4 | 3.37 | 22.57 | 25.94 | OK | |
| r-release-macos-arm64 | 5.0-4 | 4.00 | 15.00 | 19.00 | OK | |
| r-release-macos-x86_64 | 5.0-4 | 6.00 | 23.00 | 29.00 | OK | |
| r-release-windows-x86_64 | 5.0-4 | 5.00 | 32.00 | 37.00 | OK | |
| r-oldrel-macos-arm64 | 5.0-4 | 3.00 | 14.00 | 17.00 | NOTE | |
| r-oldrel-macos-x86_64 | 5.0-4 | 6.00 | 24.00 | 30.00 | NOTE | |
| r-oldrel-windows-x86_64 | 5.0-4 | 5.00 | 33.00 | 38.00 | NOTE | 
Version: 5.0-4
Check: installed package size
Result: NOTE
    installed size is 10.8Mb
    sub-directories of 1Mb or more:
      java  10.8Mb
Flavors: r-oldrel-macos-arm64, r-oldrel-macos-x86_64, r-oldrel-windows-x86_64