Last updated on 2025-10-31 13:51:00 CET.
| Flavor | Version | Tinstall | Tcheck | Ttotal | Status | Flags | 
|---|---|---|---|---|---|---|
| r-devel-linux-x86_64-debian-clang | 1.0 | 2.79 | 25.83 | 28.62 | NOTE | |
| r-devel-linux-x86_64-debian-gcc | 1.0 | 2.00 | 20.15 | 22.15 | NOTE | |
| r-devel-linux-x86_64-fedora-clang | 1.0 | 41.51 | OK | |||
| r-devel-linux-x86_64-fedora-gcc | 1.0 | 39.27 | OK | |||
| r-devel-windows-x86_64 | 1.0 | 4.00 | 48.00 | 52.00 | OK | |
| r-patched-linux-x86_64 | 1.0 | 2.94 | 24.11 | 27.05 | OK | |
| r-release-linux-x86_64 | 1.0 | 2.82 | 24.39 | 27.21 | OK | |
| r-release-macos-arm64 | 1.0 | 1.00 | 17.00 | 18.00 | OK | |
| r-release-macos-x86_64 | 1.0 | 3.00 | 31.00 | 34.00 | OK | |
| r-release-windows-x86_64 | 1.0 | 4.00 | 48.00 | 52.00 | OK | |
| r-oldrel-macos-arm64 | 1.0 | 1.00 | 15.00 | 16.00 | OK | |
| r-oldrel-macos-x86_64 | 1.0 | 3.00 | 34.00 | 37.00 | OK | |
| r-oldrel-windows-x86_64 | 1.0 | 3.00 | 48.00 | 51.00 | OK | 
Version: 1.0
Check: CRAN incoming feasibility
Result: NOTE
  Maintainer: ‘Wei-Min Wang <wmwang@gmail.com>’
  
  No Authors@R field in DESCRIPTION.
  Please add one, modifying
    Authors@R: person(given = "Wei-Min",
                      family = "Wang",
                      role = c("aut", "cre"),
                      email = "wmwang@gmail.com")
  as necessary.
Flavors: r-devel-linux-x86_64-debian-clang, r-devel-linux-x86_64-debian-gcc