Last updated on 2025-11-03 12:50:02 CET.
| Flavor | Version | Tinstall | Tcheck | Ttotal | Status | Flags | 
|---|---|---|---|---|---|---|
| r-devel-linux-x86_64-debian-clang | 1.2.8 | 56.98 | 102.10 | 159.08 | NOTE | |
| r-devel-linux-x86_64-debian-gcc | 1.2.8 | 42.84 | 74.17 | 117.01 | NOTE | |
| r-devel-linux-x86_64-fedora-clang | 1.2.8 | 121.00 | 150.57 | 271.57 | NOTE | |
| r-devel-linux-x86_64-fedora-gcc | 1.2.8 | 75.00 | 191.38 | 266.38 | NOTE | |
| r-devel-windows-x86_64 | 1.2.8 | 70.00 | 120.00 | 190.00 | NOTE | |
| r-patched-linux-x86_64 | 1.2.8 | 60.44 | 92.62 | 153.06 | NOTE | |
| r-release-linux-x86_64 | 1.2.8 | 62.32 | 89.36 | 151.68 | NOTE | |
| r-release-macos-arm64 | 1.2.8 | 24.00 | 58.00 | 82.00 | NOTE | |
| r-release-macos-x86_64 | 1.2.8 | 23.00 | 88.00 | 111.00 | NOTE | |
| r-release-windows-x86_64 | 1.2.8 | 70.00 | 117.00 | 187.00 | NOTE | |
| r-oldrel-macos-arm64 | 1.2.8 | 27.00 | 46.00 | 73.00 | OK | |
| r-oldrel-macos-x86_64 | 1.2.8 | 22.00 | 69.00 | 91.00 | OK | |
| r-oldrel-windows-x86_64 | 1.2.8 | 84.00 | 151.00 | 235.00 | OK | 
Version: 1.2.8
Check: CRAN incoming feasibility
Result: NOTE
  Maintainer: ‘Kasper Welbers <kasperwelbers@gmail.com>’
  
  No Authors@R field in DESCRIPTION.
  Please add one, modifying
    Authors@R: c(person(given = c("Kasper", "Welbers", "&", "Wouter"),
                        family = "van Atteveldt",
                        role = "aut"),
                 person(given = "Kasper",
                        family = "Welbers",
                        role = "cre",
                        email = "kasperwelbers@gmail.com"))
  as necessary.
Flavors: r-devel-linux-x86_64-debian-clang, r-devel-linux-x86_64-debian-gcc
Version: 1.2.8
Check: DESCRIPTION meta-information
Result: NOTE
    Missing dependency on R >= 4.1.0 because package code uses the pipe
    |> or function shorthand \(...) syntax added in R 4.1.0.
    File(s) using such syntax:
      ‘compare_documents.Rd’ ‘term_char_sim.Rd’ ‘term_union.Rd’
Flavors: r-devel-linux-x86_64-debian-clang, r-devel-linux-x86_64-debian-gcc, r-devel-linux-x86_64-fedora-clang, r-devel-linux-x86_64-fedora-gcc, r-devel-windows-x86_64, r-patched-linux-x86_64, r-release-linux-x86_64, r-release-macos-arm64, r-release-macos-x86_64, r-release-windows-x86_64