Last updated on 2025-11-27 13:48:47 CET.
| Flavor | Version | Tinstall | Tcheck | Ttotal | Status | Flags |
|---|---|---|---|---|---|---|
| r-devel-linux-x86_64-fedora-clang | 0.1.4 | 164.00 | 132.79 | 296.79 | OK | |
| r-devel-linux-x86_64-fedora-gcc | 0.1.4 | 309.00 | -1.46 | 307.54 | OK | |
| r-release-macos-arm64 | 0.1.4 | 11.00 | 17.00 | 28.00 | OK | |
| r-release-macos-x86_64 | 0.1.4 | 103.00 | 67.00 | 170.00 | OK | |
| r-oldrel-macos-arm64 | 0.1.4 | 14.00 | 18.00 | 32.00 | NOTE | |
| r-oldrel-macos-x86_64 | 0.1.4 | 115.00 | 77.00 | 192.00 | NOTE |
Version: 0.1.4
Check: installed package size
Result: NOTE
installed size is 5.9Mb
sub-directories of 1Mb or more:
libs 5.8Mb
Flavors: r-oldrel-macos-arm64, r-oldrel-macos-x86_64