Last updated on 2025-10-31 13:51:01 CET.
| Flavor | Version | Tinstall | Tcheck | Ttotal | Status | Flags | 
|---|---|---|---|---|---|---|
| r-devel-linux-x86_64-debian-clang | 1.3 | 2.50 | 25.40 | 27.90 | NOTE | |
| r-devel-linux-x86_64-debian-gcc | 1.3 | 1.78 | 19.90 | 21.68 | NOTE | |
| r-devel-linux-x86_64-fedora-clang | 1.3 | 40.58 | OK | |||
| r-devel-linux-x86_64-fedora-gcc | 1.3 | 38.31 | OK | |||
| r-devel-windows-x86_64 | 1.3 | 3.00 | 42.00 | 45.00 | OK | |
| r-patched-linux-x86_64 | 1.3 | 2.68 | 24.02 | 26.70 | OK | |
| r-release-linux-x86_64 | 1.3 | 2.20 | 23.79 | 25.99 | OK | |
| r-release-macos-arm64 | 1.3 | 2.00 | 16.00 | 18.00 | OK | |
| r-release-macos-x86_64 | 1.3 | 2.00 | 25.00 | 27.00 | OK | |
| r-release-windows-x86_64 | 1.3 | 6.00 | 44.00 | 50.00 | OK | |
| r-oldrel-macos-arm64 | 1.3 | 1.00 | 15.00 | 16.00 | OK | |
| r-oldrel-macos-x86_64 | 1.3 | 2.00 | 28.00 | 30.00 | OK | |
| r-oldrel-windows-x86_64 | 1.3 | 4.00 | 42.00 | 46.00 | OK | 
Version: 1.3
Check: CRAN incoming feasibility
Result: NOTE
  Maintainer: ‘Youhua Chen <haydi@126.com>’
  
  No Authors@R field in DESCRIPTION.
  Please add one, modifying
    Authors@R: c(person(given = c("Youhua", "Chen,Tsung-Jen"),
                        family = "Shen",
                        role = "aut"),
                 person(given = "Youhua",
                        family = "Chen",
                        role = "cre",
                        email = "haydi@126.com"))
  as necessary.
Flavors: r-devel-linux-x86_64-debian-clang, r-devel-linux-x86_64-debian-gcc