Last updated on 2025-10-31 13:51:01 CET.
| Flavor | Version | Tinstall | Tcheck | Ttotal | Status | Flags | 
|---|---|---|---|---|---|---|
| r-devel-linux-x86_64-debian-clang | 2.1.0 | 20.60 | 188.79 | 209.39 | WARN | |
| r-devel-linux-x86_64-debian-gcc | 2.1.0 | 14.53 | 136.02 | 150.55 | WARN | |
| r-devel-linux-x86_64-fedora-clang | 2.1.0 | 152.00 | 210.15 | 362.15 | WARN | |
| r-devel-linux-x86_64-fedora-gcc | 2.1.0 | 135.00 | 218.85 | 353.85 | WARN | |
| r-devel-windows-x86_64 | 2.1.0 | 23.00 | 175.00 | 198.00 | WARN | |
| r-patched-linux-x86_64 | 2.1.0 | 0.34 | 2.04 | 2.38 | ERROR | |
| r-release-linux-x86_64 | 2.1.0 | 17.46 | 185.19 | 202.65 | WARN | |
| r-release-macos-arm64 | 2.1.0 | 9.00 | 78.00 | 87.00 | OK | |
| r-release-macos-x86_64 | 2.1.0 | 17.00 | 168.00 | 185.00 | OK | |
| r-release-windows-x86_64 | 2.1.0 | 25.00 | 176.00 | 201.00 | WARN | |
| r-oldrel-macos-arm64 | 2.1.0 | 9.00 | 78.00 | 87.00 | OK | |
| r-oldrel-macos-x86_64 | 2.1.0 | 15.00 | 132.00 | 147.00 | OK | |
| r-oldrel-windows-x86_64 | 2.1.0 | 30.00 | 239.00 | 269.00 | WARN | 
Version: 2.1.0
Check: whether package can be installed
Result: WARN
  Found the following significant warnings:
    Warning: replacing previous import ‘e1071::element’ by ‘ggplot2::element’ when loading ‘RTIGER’
Flavors: r-devel-linux-x86_64-debian-clang, r-devel-linux-x86_64-debian-gcc, r-devel-linux-x86_64-fedora-clang, r-devel-linux-x86_64-fedora-gcc, r-devel-windows-x86_64, r-release-linux-x86_64, r-release-windows-x86_64, r-oldrel-windows-x86_64
Version: 2.1.0
Check: package dependencies
Result: ERROR
  Package required but not available: ‘GenomeInfoDb’
  
  Packages suggested but not available for checking: 'Gviz', 'rtracklayer'
  
  See section ‘The DESCRIPTION file’ in the ‘Writing R Extensions’
  manual.
Flavor: r-patched-linux-x86_64