Last updated on 2025-11-27 13:48:48 CET.
| Flavor | Version | Tinstall | Tcheck | Ttotal | Status | Flags |
|---|---|---|---|---|---|---|
| r-devel-linux-x86_64-debian-clang | 0.6.4 | 20.49 | 95.06 | 115.55 | NOTE | |
| r-devel-linux-x86_64-debian-gcc | 0.6.4 | 14.18 | 65.50 | 79.68 | NOTE | |
| r-devel-linux-x86_64-fedora-clang | 0.6.4 | 51.00 | 130.56 | 181.56 | NOTE | |
| r-devel-linux-x86_64-fedora-gcc | 0.6.4 | 36.00 | 148.85 | 184.85 | NOTE | |
| r-devel-windows-x86_64 | 0.6.4 | 27.00 | 121.00 | 148.00 | NOTE | |
| r-patched-linux-x86_64 | 0.6.4 | 20.60 | 89.05 | 109.65 | NOTE | |
| r-release-linux-x86_64 | 0.6.4 | 18.44 | 89.46 | 107.90 | NOTE | |
| r-release-macos-arm64 | 0.6.4 | NOTE | ||||
| r-release-macos-x86_64 | 0.6.4 | 14.00 | 99.00 | 113.00 | NOTE | |
| r-release-windows-x86_64 | 0.6.4 | 24.00 | 120.00 | 144.00 | NOTE | |
| r-oldrel-macos-arm64 | 0.6.4 | NOTE | ||||
| r-oldrel-macos-x86_64 | 0.6.4 | 21.00 | 111.00 | 132.00 | NOTE | |
| r-oldrel-windows-x86_64 | 0.6.4 | 29.00 | 156.00 | 185.00 | NOTE |
Version: 0.6.4
Check: CRAN incoming feasibility
Result: NOTE
Maintainer: ‘Alan Butler <rabutler@usbr.gov>’
Found the following (possibly) invalid URLs:
URL: http://www.riverware.org/HelpSystem/index.html#page/SolutionApproaches/Solutions_MRM.4.5.html#ww477402
From: man/read_rw_csv.Rd
Message: Invalid URL: '#' not allowed in fragment
Flavors: r-devel-linux-x86_64-debian-clang, r-devel-linux-x86_64-debian-gcc
Version: 0.6.4
Check: C++ specification
Result: NOTE
Specified C++11: please drop specification unless essential
Flavors: r-devel-linux-x86_64-debian-clang, r-devel-linux-x86_64-debian-gcc, r-devel-windows-x86_64, r-patched-linux-x86_64, r-release-linux-x86_64, r-release-macos-arm64, r-release-macos-x86_64, r-release-windows-x86_64, r-oldrel-macos-arm64, r-oldrel-macos-x86_64, r-oldrel-windows-x86_64
Version: 0.6.4
Check: C++ specification
Result: NOTE
Specified C++11: support will be removed soon
Flavors: r-devel-linux-x86_64-fedora-clang, r-devel-linux-x86_64-fedora-gcc