Last updated on 2025-11-06 00:50:50 CET.
| Flavor | Version | Tinstall | Tcheck | Ttotal | Status | Flags |
|---|---|---|---|---|---|---|
| r-devel-linux-x86_64-debian-clang | 1.0 | 5.40 | 53.72 | 59.12 | NOTE | |
| r-devel-linux-x86_64-debian-gcc | 1.0 | 4.15 | 39.70 | 43.85 | NOTE | |
| r-devel-linux-x86_64-fedora-clang | 1.0 | 14.00 | 78.06 | 92.06 | OK | |
| r-devel-linux-x86_64-fedora-gcc | 1.0 | 12.00 | 72.05 | 84.05 | OK | |
| r-devel-windows-x86_64 | 1.0 | 9.00 | 66.00 | 75.00 | OK | |
| r-patched-linux-x86_64 | 1.0 | 5.36 | 49.83 | 55.19 | OK | |
| r-release-linux-x86_64 | 1.0 | 5.41 | 49.24 | 54.65 | OK | |
| r-release-macos-arm64 | 1.0 | 2.00 | 23.00 | 25.00 | OK | |
| r-release-macos-x86_64 | 1.0 | 6.00 | 39.00 | 45.00 | OK | |
| r-release-windows-x86_64 | 1.0 | 8.00 | 64.00 | 72.00 | OK | |
| r-oldrel-macos-arm64 | 1.0 | 2.00 | 23.00 | 25.00 | OK | |
| r-oldrel-macos-x86_64 | 1.0 | 7.00 | 38.00 | 45.00 | OK | |
| r-oldrel-windows-x86_64 | 1.0 | 10.00 | 80.00 | 90.00 | OK |
Version: 1.0
Check: CRAN incoming feasibility
Result: NOTE
Maintainer: ‘Erica Ponzi <erica.ponzi@medisin.uio.no>’
The Description field contains
<arXiv:2101.09110>.
Please refer to arXiv e-prints via their arXiv DOI <doi:10.48550/arXiv.YYMM.NNNNN>.
Flavors: r-devel-linux-x86_64-debian-clang, r-devel-linux-x86_64-debian-gcc