Last updated on 2025-10-31 13:50:59 CET.
| Flavor | Version | Tinstall | Tcheck | Ttotal | Status | Flags | 
|---|---|---|---|---|---|---|
| r-devel-linux-x86_64-debian-clang | 0.6.6 | 3.27 | 44.09 | 47.36 | NOTE | |
| r-devel-linux-x86_64-debian-gcc | 0.6.6 | 2.57 | 31.70 | 34.27 | NOTE | |
| r-devel-linux-x86_64-fedora-clang | 0.6.6 | 69.65 | OK | |||
| r-devel-linux-x86_64-fedora-gcc | 0.6.6 | 78.89 | OK | |||
| r-devel-windows-x86_64 | 0.6.6 | 6.00 | 73.00 | 79.00 | OK | |
| r-patched-linux-x86_64 | 0.6.6 | 2.97 | 40.31 | 43.28 | OK | |
| r-release-linux-x86_64 | 0.6.6 | 2.85 | 40.38 | 43.23 | OK | |
| r-release-macos-arm64 | 0.6.6 | 2.00 | 25.00 | 27.00 | OK | |
| r-release-macos-x86_64 | 0.6.6 | 4.00 | 57.00 | 61.00 | OK | |
| r-release-windows-x86_64 | 0.6.6 | 7.00 | 77.00 | 84.00 | OK | |
| r-oldrel-macos-arm64 | 0.6.6 | 3.00 | 31.00 | 34.00 | OK | |
| r-oldrel-macos-x86_64 | 0.6.6 | 4.00 | 59.00 | 63.00 | OK | |
| r-oldrel-windows-x86_64 | 0.6.6 | 7.00 | 84.00 | 91.00 | OK | 
Version: 0.6.6
Check: CRAN incoming feasibility
Result: NOTE
  Maintainer: ‘Vasyl Pihur <vpihur@gmail.com>’
  
  No Authors@R field in DESCRIPTION.
  Please add one, modifying
    Authors@R: c(person(given = "Vasyl",
                        family = "Pihur",
                        role = c("aut", "cre"),
                        email = "vpihur@gmail.com"),
                 person(given = "Somnath",
                        family = "Datta",
                        role = "aut",
                        email = "somnath.datta@louisville.edu"),
                 person(given = "Susmita",
                        family = "Datta",
                        role = "aut",
                        email = "susmita.datta@louisville.edu"))
  as necessary.
Flavors: r-devel-linux-x86_64-debian-clang, r-devel-linux-x86_64-debian-gcc