Last updated on 2024-05-27 02:48:13 CEST.
Flavor | Version | Tinstall | Tcheck | Ttotal | Status | Flags |
---|---|---|---|---|---|---|
r-devel-linux-x86_64-debian-clang | 0.98.0 | 73.07 | 70.96 | 144.03 | OK | |
r-devel-linux-x86_64-debian-gcc | 0.98.0 | 52.99 | 57.76 | 110.75 | OK | |
r-devel-linux-x86_64-fedora-clang | 0.98.0 | 207.52 | OK | |||
r-devel-linux-x86_64-fedora-gcc | 0.98.0 | 225.66 | OK | |||
r-devel-windows-x86_64 | 0.98.0 | 58.00 | 141.00 | 199.00 | OK | |
r-patched-linux-x86_64 | 0.98.0 | 62.78 | 71.44 | 134.22 | OK | |
r-release-linux-x86_64 | 0.98.0 | 68.93 | 71.08 | 140.01 | OK | |
r-release-macos-arm64 | 0.98.0 | 57.00 | NOTE | |||
r-release-windows-x86_64 | 0.98.0 | 58.00 | 136.00 | 194.00 | OK | |
r-oldrel-macos-arm64 | 0.98.0 | 77.00 | NOTE | |||
r-oldrel-macos-x86_64 | 0.98.0 | 173.00 | NOTE | |||
r-oldrel-windows-x86_64 | 0.98.0 | 71.00 | 149.00 | 220.00 | OK |
Version: 0.98.0
Check: installed package size
Result: NOTE
installed size is 5.2Mb
sub-directories of 1Mb or more:
libs 4.5Mb
Flavors: r-release-macos-arm64, r-oldrel-macos-arm64, r-oldrel-macos-x86_64