Last updated on 2025-10-31 13:50:59 CET.
| Flavor | Version | Tinstall | Tcheck | Ttotal | Status | Flags | 
|---|---|---|---|---|---|---|
| r-devel-linux-x86_64-debian-clang | 4.8.2 | 19.20 | 167.05 | 186.25 | NOTE | |
| r-devel-linux-x86_64-debian-gcc | 4.8.2 | 14.99 | 128.35 | 143.34 | NOTE | |
| r-devel-linux-x86_64-fedora-clang | 4.8.2 | 42.00 | 248.24 | 290.24 | OK | |
| r-devel-linux-x86_64-fedora-gcc | 4.8.2 | 43.00 | 246.63 | 289.63 | OK | |
| r-devel-windows-x86_64 | 4.8.2 | 26.00 | 258.00 | 284.00 | OK | |
| r-patched-linux-x86_64 | 4.8.2 | 20.74 | 164.19 | 184.93 | OK | |
| r-release-linux-x86_64 | 4.8.2 | 21.21 | 164.85 | 186.06 | OK | |
| r-release-macos-arm64 | 4.8.2 | 14.00 | 93.00 | 107.00 | OK | |
| r-release-macos-x86_64 | 4.8.2 | 19.00 | 155.00 | 174.00 | OK | |
| r-release-windows-x86_64 | 4.8.2 | 21.00 | 166.00 | 187.00 | OK | |
| r-oldrel-macos-arm64 | 4.8.2 | 12.00 | 92.00 | 104.00 | OK | |
| r-oldrel-macos-x86_64 | 4.8.2 | 15.00 | 124.00 | 139.00 | OK | |
| r-oldrel-windows-x86_64 | 4.8.2 | 27.00 | 198.00 | 225.00 | OK | 
Version: 4.8.2
Check: CRAN incoming feasibility
Result: NOTE
  Maintainer: ‘Manuel Munoz-Marquez <manuel.munoz@uca.es>’
  
  No Authors@R field in DESCRIPTION.
  Please add one, modifying
    Authors@R: person(given = "Manuel",
                      family = "Munoz-Marquez",
                      role = c("aut", "cre"),
                      email = "manuel.munoz@uca.es")
  as necessary.
Flavors: r-devel-linux-x86_64-debian-clang, r-devel-linux-x86_64-debian-gcc