Last updated on 2024-05-27 02:48:14 CEST.
Flavor | Version | Tinstall | Tcheck | Ttotal | Status | Flags |
---|---|---|---|---|---|---|
r-devel-linux-x86_64-debian-clang | 0.6.4 | 74.22 | 77.76 | 151.98 | NOTE | |
r-devel-linux-x86_64-debian-gcc | 0.6.4 | 53.81 | 53.09 | 106.90 | NOTE | |
r-devel-linux-x86_64-fedora-clang | 0.6.4 | 197.64 | NOTE | |||
r-devel-linux-x86_64-fedora-gcc | 0.6.4 | 238.46 | NOTE | |||
r-devel-windows-x86_64 | 0.6.4 | 133.00 | 126.00 | 259.00 | NOTE | |
r-patched-linux-x86_64 | 0.6.4 | 68.41 | 69.51 | 137.92 | NOTE | |
r-release-linux-x86_64 | 0.6.4 | 67.14 | 68.54 | 135.68 | NOTE | |
r-release-macos-arm64 | 0.6.4 | 56.00 | NOTE | |||
r-release-macos-x86_64 | 0.6.4 | 104.00 | NOTE | |||
r-release-windows-x86_64 | 0.6.4 | 141.00 | 125.00 | 266.00 | NOTE | |
r-oldrel-macos-arm64 | 0.6.4 | 60.00 | NOTE | |||
r-oldrel-macos-x86_64 | 0.6.4 | 117.00 | NOTE | |||
r-oldrel-windows-x86_64 | 0.6.4 | 141.00 | 138.00 | 279.00 | NOTE |
Version: 0.6.4
Check: for GNU extensions in Makefiles
Result: NOTE
GNU make is a SystemRequirements.
Flavors: r-devel-linux-x86_64-debian-clang, r-devel-linux-x86_64-debian-gcc, r-devel-linux-x86_64-fedora-clang, r-devel-linux-x86_64-fedora-gcc, r-devel-windows-x86_64, r-patched-linux-x86_64, r-release-linux-x86_64, r-release-macos-arm64, r-release-macos-x86_64, r-release-windows-x86_64, r-oldrel-macos-arm64, r-oldrel-macos-x86_64, r-oldrel-windows-x86_64
Version: 0.6.4
Check: installed package size
Result: NOTE
installed size is 5.1Mb
sub-directories of 1Mb or more:
libs 3.8Mb
Flavors: r-devel-windows-x86_64, r-release-macos-arm64, r-release-macos-x86_64, r-release-windows-x86_64, r-oldrel-macos-arm64, r-oldrel-macos-x86_64, r-oldrel-windows-x86_64