Last updated on 2025-11-27 13:48:46 CET.
| Flavor | Version | Tinstall | Tcheck | Ttotal | Status | Flags |
|---|---|---|---|---|---|---|
| r-devel-linux-x86_64-debian-clang | 7.1.6 | 11.41 | 37.06 | 48.47 | NOTE | |
| r-devel-linux-x86_64-debian-gcc | 7.1.6 | 7.37 | 32.08 | 39.45 | NOTE | |
| r-devel-linux-x86_64-fedora-clang | 7.1.6 | 33.00 | 51.21 | 84.21 | NOTE | |
| r-devel-linux-x86_64-fedora-gcc | 7.1.6 | 26.00 | 44.95 | 70.95 | NOTE | |
| r-devel-windows-x86_64 | 7.1.6 | 21.00 | 69.00 | 90.00 | NOTE | |
| r-patched-linux-x86_64 | 7.1.6 | 10.19 | 33.65 | 43.84 | NOTE | |
| r-release-linux-x86_64 | 7.1.6 | 11.19 | 33.60 | 44.79 | NOTE | |
| r-release-macos-arm64 | 7.1.6 | NOTE | ||||
| r-release-macos-x86_64 | 7.1.6 | 10.00 | 50.00 | 60.00 | NOTE | |
| r-release-windows-x86_64 | 7.1.6 | 18.00 | 69.00 | 87.00 | NOTE | |
| r-oldrel-macos-arm64 | 7.1.6 | NOTE | ||||
| r-oldrel-macos-x86_64 | 7.1.6 | 7.00 | 32.00 | 39.00 | NOTE | |
| r-oldrel-windows-x86_64 | 7.1.6 | 20.00 | 79.00 | 99.00 | NOTE |
Version: 7.1.6
Check: CRAN incoming feasibility
Result: NOTE
Maintainer: ‘Marc A. Suchard <msuchard@ucla.edu>’
Package CITATION file contains call(s) to old-style citEntry(). Please
use bibentry() instead.
Flavors: r-devel-linux-x86_64-debian-clang, r-devel-linux-x86_64-debian-gcc
Version: 7.1.6
Check: C++ specification
Result: NOTE
Specified C++14: please drop specification unless essential
Flavors: r-devel-linux-x86_64-debian-clang, r-devel-linux-x86_64-debian-gcc, r-devel-windows-x86_64, r-patched-linux-x86_64, r-release-linux-x86_64, r-release-macos-arm64, r-release-macos-x86_64, r-release-windows-x86_64, r-oldrel-macos-arm64, r-oldrel-macos-x86_64, r-oldrel-windows-x86_64
Version: 7.1.6
Check: C++ specification
Result: NOTE
Specified C++14: support will be removed soon
Flavors: r-devel-linux-x86_64-fedora-clang, r-devel-linux-x86_64-fedora-gcc