Last updated on 2025-10-31 13:51:00 CET.
| Flavor | Version | Tinstall | Tcheck | Ttotal | Status | Flags | 
|---|---|---|---|---|---|---|
| r-devel-linux-x86_64-debian-clang | 1.0 | 1.64 | 19.63 | 21.27 | NOTE | |
| r-devel-linux-x86_64-debian-gcc | 1.0 | 1.42 | 16.43 | 17.85 | NOTE | |
| r-devel-linux-x86_64-fedora-clang | 1.0 | 31.06 | NOTE | |||
| r-devel-linux-x86_64-fedora-gcc | 1.0 | 29.79 | NOTE | |||
| r-devel-windows-x86_64 | 1.0 | 2.00 | 40.00 | 42.00 | NOTE | |
| r-patched-linux-x86_64 | 1.0 | 1.85 | 18.72 | 20.57 | NOTE | |
| r-release-linux-x86_64 | 1.0 | 1.74 | 18.60 | 20.34 | NOTE | |
| r-release-macos-arm64 | 1.0 | 1.00 | 13.00 | 14.00 | NOTE | |
| r-release-macos-x86_64 | 1.0 | 2.00 | 19.00 | 21.00 | NOTE | |
| r-release-windows-x86_64 | 1.0 | 3.00 | 41.00 | 44.00 | NOTE | |
| r-oldrel-macos-arm64 | 1.0 | 1.00 | 13.00 | 14.00 | NOTE | |
| r-oldrel-macos-x86_64 | 1.0 | 1.00 | 21.00 | 22.00 | NOTE | |
| r-oldrel-windows-x86_64 | 1.0 | 3.00 | 41.00 | 44.00 | NOTE | 
Version: 1.0
Check: CRAN incoming feasibility
Result: NOTE
  Maintainer: ‘Magdalena Chrapek <Magdalena.Chrapek@ujk.edu.pl>’
  
  No Authors@R field in DESCRIPTION.
  Please add one, modifying
    Authors@R: person(given = "Magdalena",
                      family = "Chrapek",
                      role = c("aut", "cre"),
                      email = "magdalena.chrapek@ujk.edu.pl")
  as necessary.
Flavors: r-devel-linux-x86_64-debian-clang, r-devel-linux-x86_64-debian-gcc
Version: 1.0
Check: DESCRIPTION meta-information
Result: NOTE
  Malformed Description field: should contain one or more complete sentences.
Flavors: r-devel-linux-x86_64-debian-clang, r-devel-linux-x86_64-debian-gcc, r-devel-linux-x86_64-fedora-clang, r-devel-linux-x86_64-fedora-gcc, r-devel-windows-x86_64, r-patched-linux-x86_64, r-release-linux-x86_64, r-release-macos-arm64, r-release-macos-x86_64, r-release-windows-x86_64, r-oldrel-macos-arm64, r-oldrel-macos-x86_64, r-oldrel-windows-x86_64