Last updated on 2025-10-31 13:51:00 CET.
| Flavor | Version | Tinstall | Tcheck | Ttotal | Status | Flags | 
|---|---|---|---|---|---|---|
| r-devel-linux-x86_64-debian-clang | 2.0 | 3.51 | 27.05 | 30.56 | NOTE | |
| r-devel-linux-x86_64-debian-gcc | 2.0 | 2.81 | 21.43 | 24.24 | NOTE | |
| r-devel-linux-x86_64-fedora-clang | 2.0 | 45.81 | OK | |||
| r-devel-linux-x86_64-fedora-gcc | 2.0 | 45.39 | OK | |||
| r-devel-windows-x86_64 | 2.0 | 7.00 | 50.00 | 57.00 | OK | |
| r-patched-linux-x86_64 | 2.0 | 3.15 | 25.63 | 28.78 | OK | |
| r-release-linux-x86_64 | 2.0 | 3.48 | 26.00 | 29.48 | OK | |
| r-release-macos-arm64 | 2.0 | 3.00 | 15.00 | 18.00 | OK | |
| r-release-macos-x86_64 | 2.0 | 4.00 | 25.00 | 29.00 | OK | |
| r-release-windows-x86_64 | 2.0 | 7.00 | 51.00 | 58.00 | OK | |
| r-oldrel-macos-arm64 | 2.0 | 2.00 | 15.00 | 17.00 | OK | |
| r-oldrel-macos-x86_64 | 2.0 | 3.00 | 23.00 | 26.00 | OK | |
| r-oldrel-windows-x86_64 | 2.0 | 6.00 | 51.00 | 57.00 | OK | 
Version: 2.0
Check: CRAN incoming feasibility
Result: NOTE
  Maintainer: ‘Fabien Laporte <fabien.laporte@inra.fr>’
  
  No Authors@R field in DESCRIPTION.
  Please add one, modifying
    Authors@R: c(person(given = "Fabien",
                        family = "Laporte",
                        role = c("aut", "cre"),
                        email = "fabien.laporte@inra.fr"),
                 person(given = "Tristan",
                        family = "Mary-Huard",
                        role = "aut"))
  as necessary.
Flavors: r-devel-linux-x86_64-debian-clang, r-devel-linux-x86_64-debian-gcc