Last updated on 2025-11-01 00:50:09 CET.
| Flavor | Version | Tinstall | Tcheck | Ttotal | Status | Flags |
|---|---|---|---|---|---|---|
| r-devel-linux-x86_64-debian-clang | 0.1.9 | 15.17 | 114.20 | 129.37 | OK | |
| r-devel-linux-x86_64-debian-gcc | 0.1.9 | 8.41 | 80.28 | 88.69 | OK | |
| r-devel-linux-x86_64-fedora-clang | 0.1.9 | 67.00 | 138.89 | 205.89 | OK | |
| r-devel-linux-x86_64-fedora-gcc | 0.1.9 | 74.00 | 139.90 | 213.90 | OK | |
| r-devel-windows-x86_64 | 0.1.9 | 15.00 | 127.00 | 142.00 | OK | |
| r-patched-linux-x86_64 | 0.1.9 | 14.33 | 102.75 | 117.08 | OK | |
| r-release-linux-x86_64 | 0.1.9 | 13.16 | 106.80 | 119.96 | OK | |
| r-release-macos-arm64 | 0.1.9 | 4.00 | 52.00 | 56.00 | OK | |
| r-release-macos-x86_64 | 0.1.9 | 8.00 | 99.00 | 107.00 | OK | |
| r-release-windows-x86_64 | 0.1.9 | 14.00 | 128.00 | 142.00 | OK | |
| r-oldrel-macos-arm64 | 0.1.9 | 4.00 | 53.00 | 57.00 | OK | |
| r-oldrel-macos-x86_64 | 0.1.9 | 7.00 | 104.00 | 111.00 | NOTE | |
| r-oldrel-windows-x86_64 | 0.1.9 | 20.00 | 157.00 | 177.00 | OK |
Version: 0.1.9
Check: package dependencies
Result: NOTE
Packages suggested but not available for checking: 'PADOG', 'safe'
Flavor: r-oldrel-macos-x86_64
Version: 0.1.9
Check: Rd cross-references
Result: NOTE
Packages unavailable to check Rd xrefs: ‘PADOG’, ‘safe’
Flavor: r-oldrel-macos-x86_64