Last updated on 2025-10-31 13:51:00 CET.
| Flavor | Version | Tinstall | Tcheck | Ttotal | Status | Flags | 
|---|---|---|---|---|---|---|
| r-devel-linux-x86_64-debian-clang | 1.0-32 | 1.28 | 30.00 | 31.28 | NOTE | |
| r-devel-linux-x86_64-debian-gcc | 1.0-32 | 1.47 | 24.70 | 26.17 | NOTE | |
| r-devel-linux-x86_64-fedora-clang | 1.0-32 | 45.48 | NOTE | |||
| r-devel-linux-x86_64-fedora-gcc | 1.0-32 | 57.73 | NOTE | |||
| r-devel-windows-x86_64 | 1.0-32 | 3.00 | 60.00 | 63.00 | NOTE | |
| r-patched-linux-x86_64 | 1.0-32 | 2.11 | 28.58 | 30.69 | NOTE | |
| r-release-linux-x86_64 | 1.0-32 | 1.89 | 28.42 | 30.31 | NOTE | |
| r-release-macos-arm64 | 1.0-32 | 1.00 | 23.00 | 24.00 | NOTE | |
| r-release-macos-x86_64 | 1.0-32 | 2.00 | 40.00 | 42.00 | NOTE | |
| r-release-windows-x86_64 | 1.0-32 | 4.00 | 64.00 | 68.00 | NOTE | |
| r-oldrel-macos-arm64 | 1.0-32 | 1.00 | 22.00 | 23.00 | NOTE | |
| r-oldrel-macos-x86_64 | 1.0-32 | 2.00 | 34.00 | 36.00 | NOTE | |
| r-oldrel-windows-x86_64 | 1.0-32 | 3.00 | 64.00 | 67.00 | NOTE | 
Version: 1.0-32
Check: CRAN incoming feasibility
Result: NOTE
  Maintainer: ‘Robin K. S. Hankin <hankin.robin@gmail.com>’
  
  Package CITATION file contains call(s) to old-style personList() or
  as.personList().  Please use c() on person objects instead.
  Package CITATION file contains call(s) to old-style citEntry().  Please
  use bibentry() instead.
Flavors: r-devel-linux-x86_64-debian-clang, r-devel-linux-x86_64-debian-gcc
Version: 1.0-32
Check: Rd files
Result: NOTE
  checkRd: (-1) resistance.Rd:52: Lost braces
      52 |     \item B. Bollob\'{a}s, 1998.  \emph{Modern Graph Theory}.  Springer.
         |                      ^
Flavors: r-devel-linux-x86_64-debian-clang, r-devel-linux-x86_64-debian-gcc, r-devel-linux-x86_64-fedora-clang, r-devel-linux-x86_64-fedora-gcc, r-devel-windows-x86_64, r-patched-linux-x86_64, r-release-linux-x86_64, r-release-macos-arm64, r-release-macos-x86_64, r-release-windows-x86_64, r-oldrel-macos-arm64, r-oldrel-macos-x86_64, r-oldrel-windows-x86_64