Last updated on 2025-10-31 13:51:00 CET.
| Flavor | Version | Tinstall | Tcheck | Ttotal | Status | Flags | 
|---|---|---|---|---|---|---|
| r-devel-linux-x86_64-debian-clang | 1.5.1 | 2.72 | 30.56 | 33.28 | NOTE | |
| r-devel-linux-x86_64-debian-gcc | 1.5.1 | 1.97 | 24.45 | 26.42 | NOTE | |
| r-devel-linux-x86_64-fedora-clang | 1.5.1 | 48.97 | OK | |||
| r-devel-linux-x86_64-fedora-gcc | 1.5.1 | 46.58 | OK | |||
| r-devel-windows-x86_64 | 1.5.1 | 5.00 | 48.00 | 53.00 | OK | |
| r-patched-linux-x86_64 | 1.5.1 | 2.46 | 27.79 | 30.25 | OK | |
| r-release-linux-x86_64 | 1.5.1 | 2.62 | 28.19 | 30.81 | OK | |
| r-release-macos-arm64 | 1.5.1 | 1.00 | 18.00 | 19.00 | OK | |
| r-release-macos-x86_64 | 1.5.1 | 2.00 | 28.00 | 30.00 | OK | |
| r-release-windows-x86_64 | 1.5.1 | 4.00 | 50.00 | 54.00 | OK | |
| r-oldrel-macos-arm64 | 1.5.1 | 1.00 | 17.00 | 18.00 | OK | |
| r-oldrel-macos-x86_64 | 1.5.1 | 3.00 | 25.00 | 28.00 | OK | |
| r-oldrel-windows-x86_64 | 1.5.1 | 5.00 | 57.00 | 62.00 | OK | 
Version: 1.5.1
Check: CRAN incoming feasibility
Result: NOTE
  Maintainer: ‘Ryan M. Hope <rmh3093@gmail.com>’
  
  No Authors@R field in DESCRIPTION.
  Please add one, modifying
    Authors@R: person(given = c("Ryan", "M."),
                      family = "Hope",
                      role = c("aut", "cre"),
                      email = "rmh3093@gmail.com")
  as necessary.
Flavors: r-devel-linux-x86_64-debian-clang, r-devel-linux-x86_64-debian-gcc