Last updated on 2025-10-31 13:51:00 CET.
| Flavor | Version | Tinstall | Tcheck | Ttotal | Status | Flags | 
|---|---|---|---|---|---|---|
| r-devel-linux-x86_64-debian-clang | 1.2.2 | 11.88 | 27.92 | 39.80 | OK | |
| r-devel-linux-x86_64-debian-gcc | 1.2.2 | 9.92 | 22.55 | 32.47 | OK | |
| r-devel-linux-x86_64-fedora-clang | 1.2.2 | 24.00 | 36.79 | 60.79 | OK | |
| r-devel-linux-x86_64-fedora-gcc | 1.2.2 | 27.00 | 32.37 | 59.37 | OK | |
| r-devel-windows-x86_64 | 1.2.2 | 21.00 | 42.00 | 63.00 | OK | |
| r-patched-linux-x86_64 | 1.2.2 | 12.02 | 26.47 | 38.49 | OK | |
| r-release-linux-x86_64 | 1.2.2 | 10.71 | 26.93 | 37.64 | OK | |
| r-release-macos-arm64 | 1.2.2 | 9.00 | 18.00 | 27.00 | OK | |
| r-release-macos-x86_64 | 1.2.2 | 17.00 | 30.00 | 47.00 | OK | |
| r-release-windows-x86_64 | 1.2.2 | 21.00 | 42.00 | 63.00 | OK | |
| r-oldrel-macos-arm64 | 1.2.2 | 10.00 | 23.00 | 33.00 | NOTE | |
| r-oldrel-macos-x86_64 | 1.2.2 | 18.00 | 38.00 | 56.00 | NOTE | |
| r-oldrel-windows-x86_64 | 1.2.2 | 30.00 | 43.00 | 73.00 | NOTE | 
Version: 1.2.2
Check: installed package size
Result: NOTE
    installed size is 11.5Mb
    sub-directories of 1Mb or more:
      R  11.4Mb
Flavors: r-oldrel-macos-arm64, r-oldrel-macos-x86_64, r-oldrel-windows-x86_64