Last updated on 2025-10-31 13:51:01 CET.
| Flavor | Version | Tinstall | Tcheck | Ttotal | Status | Flags | 
|---|---|---|---|---|---|---|
| r-devel-linux-x86_64-debian-clang | 1.0.0 | 4.37 | 72.75 | 77.12 | OK | |
| r-devel-linux-x86_64-debian-gcc | 1.0.0 | 3.68 | 50.46 | 54.14 | OK | |
| r-devel-linux-x86_64-fedora-clang | 1.0.0 | 44.00 | 87.55 | 131.55 | OK | |
| r-devel-linux-x86_64-fedora-gcc | 1.0.0 | 34.00 | 89.39 | 123.39 | OK | |
| r-devel-windows-x86_64 | 1.0.0 | 11.00 | 109.00 | 120.00 | OK | |
| r-patched-linux-x86_64 | 1.0.0 | 5.88 | 69.29 | 75.17 | OK | |
| r-release-macos-arm64 | 1.0.0 | 2.00 | 34.00 | 36.00 | OK | |
| r-release-macos-x86_64 | 1.0.0 | 8.00 | 119.00 | 127.00 | OK | |
| r-release-windows-x86_64 | 1.0.0 | 9.00 | 115.00 | 124.00 | OK | |
| r-oldrel-macos-arm64 | 1.0.0 | 10.00 | ERROR | |||
| r-oldrel-macos-x86_64 | 1.0.0 | 12.00 | ERROR | |||
| r-oldrel-windows-x86_64 | 1.0.0 | 10.00 | 117.00 | 127.00 | OK | 
Version: 1.0.0
Check: package dependencies
Result: ERROR
  Package required and available but unsuitable version: ‘phyloseq’
  
  See section ‘The DESCRIPTION file’ in the ‘Writing R Extensions’
  manual.
Flavors: r-oldrel-macos-arm64, r-oldrel-macos-x86_64