Last updated on 2025-10-31 13:51:01 CET.
| Flavor | Version | Tinstall | Tcheck | Ttotal | Status | Flags | 
|---|---|---|---|---|---|---|
| r-devel-linux-x86_64-debian-clang | 1.7.6 | 13.36 | 42.47 | 55.83 | NOTE | |
| r-devel-linux-x86_64-debian-gcc | 1.7.6 | 8.85 | 31.16 | 40.01 | NOTE | |
| r-devel-linux-x86_64-fedora-clang | 1.7.6 | 35.00 | 57.85 | 92.85 | NOTE | |
| r-devel-linux-x86_64-fedora-gcc | 1.7.6 | 28.00 | 54.73 | 82.73 | NOTE | |
| r-devel-windows-x86_64 | 1.7.6 | 23.00 | 83.00 | 106.00 | NOTE | |
| r-patched-linux-x86_64 | 1.7.6 | 13.29 | 38.64 | 51.93 | NOTE | |
| r-release-linux-x86_64 | 1.7.6 | 12.84 | 38.99 | 51.83 | NOTE | |
| r-release-macos-arm64 | 1.7.6 | 6.00 | 26.00 | 32.00 | NOTE | |
| r-release-macos-x86_64 | 1.7.6 | 13.00 | 62.00 | 75.00 | NOTE | |
| r-release-windows-x86_64 | 1.7.6 | 21.00 | 79.00 | 100.00 | NOTE | |
| r-oldrel-macos-arm64 | 1.7.6 | 7.00 | 24.00 | 31.00 | NOTE | |
| r-oldrel-macos-x86_64 | 1.7.6 | 7.00 | 35.00 | 42.00 | NOTE | |
| r-oldrel-windows-x86_64 | 1.7.6 | 24.00 | 112.00 | 136.00 | NOTE | 
Version: 1.7.6
Check: C++ specification
Result: NOTE
    Specified C++11: please drop specification unless essential
Flavors: r-devel-linux-x86_64-debian-clang, r-devel-linux-x86_64-debian-gcc, r-devel-linux-x86_64-fedora-clang, r-devel-linux-x86_64-fedora-gcc, r-devel-windows-x86_64, r-patched-linux-x86_64, r-release-linux-x86_64, r-release-macos-arm64, r-release-macos-x86_64, r-release-windows-x86_64, r-oldrel-macos-arm64, r-oldrel-macos-x86_64, r-oldrel-windows-x86_64