Last updated on 2024-05-28 12:56:28 CEST.
Flavor | Version | Tinstall | Tcheck | Ttotal | Status | Flags |
---|---|---|---|---|---|---|
r-devel-linux-x86_64-debian-clang | 0.9.2 | 3.64 | 42.17 | 45.81 | NOTE | |
r-devel-linux-x86_64-debian-gcc | 0.9.2 | 2.49 | 31.69 | 34.18 | NOTE | |
r-devel-linux-x86_64-fedora-clang | 0.9.2 | 61.82 | NOTE | |||
r-devel-linux-x86_64-fedora-gcc | 0.9.2 | 66.71 | NOTE | |||
r-devel-windows-x86_64 | 0.9.2 | 4.00 | 57.00 | 61.00 | NOTE | |
r-patched-linux-x86_64 | 0.9.2 | 3.75 | 39.17 | 42.92 | NOTE | |
r-release-linux-x86_64 | 0.9.2 | 2.79 | 40.45 | 43.24 | NOTE | |
r-release-macos-arm64 | 0.9.2 | 27.00 | NOTE | |||
r-release-windows-x86_64 | 0.9.2 | 4.00 | 58.00 | 62.00 | NOTE | |
r-oldrel-macos-arm64 | 0.9.2 | 27.00 | OK | |||
r-oldrel-macos-x86_64 | 0.9.2 | 43.00 | OK | |||
r-oldrel-windows-x86_64 | 0.9.2 | 5.00 | 63.00 | 68.00 | OK |
Version: 0.9.2
Check: Rd files
Result: NOTE
checkRd: (-1) wtss_to_ts.Rd:31: Lost braces; missing escapes or markup?
31 | This period can be either {"month", "week", "day"},
| ^
checkRd: (-1) wtss_to_ts.Rd:32: Lost braces; missing escapes or markup?
32 | {"months", "weeks", "days"} or
| ^
checkRd: (-1) wtss_to_ts.Rd:33: Lost braces; missing escapes or markup?
33 | {12, 52, 365}. This function creates a new time series with the required
| ^
Flavors: r-devel-linux-x86_64-debian-clang, r-devel-linux-x86_64-debian-gcc, r-devel-linux-x86_64-fedora-clang, r-devel-linux-x86_64-fedora-gcc, r-devel-windows-x86_64, r-patched-linux-x86_64, r-release-linux-x86_64, r-release-macos-arm64, r-release-windows-x86_64