Last updated on 2025-10-31 13:51:01 CET.
| Flavor | Version | Tinstall | Tcheck | Ttotal | Status | Flags | 
|---|---|---|---|---|---|---|
| r-devel-linux-x86_64-debian-clang | 1.0.9-1 | 12.95 | 37.03 | 49.98 | NOTE | |
| r-devel-linux-x86_64-debian-gcc | 1.0.9-1 | 7.72 | 28.40 | 36.12 | NOTE | |
| r-devel-linux-x86_64-fedora-clang | 1.0.9-1 | 25.00 | 50.52 | 75.52 | OK | |
| r-devel-linux-x86_64-fedora-gcc | 1.0.9-1 | 23.00 | 62.47 | 85.47 | OK | |
| r-devel-windows-x86_64 | 1.0.9-1 | 17.00 | 66.00 | 83.00 | OK | |
| r-patched-linux-x86_64 | 1.0.9-1 | 10.47 | 35.57 | 46.04 | OK | |
| r-release-linux-x86_64 | 1.0.9-1 | 10.43 | 35.45 | 45.88 | OK | |
| r-release-macos-arm64 | 1.0.9-1 | 8.00 | 51.00 | 59.00 | OK | |
| r-release-macos-x86_64 | 1.0.9-1 | 8.00 | 49.00 | 57.00 | OK | |
| r-release-windows-x86_64 | 1.0.9-1 | 16.00 | 70.00 | 86.00 | OK | |
| r-oldrel-macos-arm64 | 1.0.9-1 | 7.00 | 24.00 | 31.00 | OK | |
| r-oldrel-macos-x86_64 | 1.0.9-1 | 7.00 | 38.00 | 45.00 | OK | |
| r-oldrel-windows-x86_64 | 1.0.9-1 | 17.00 | 69.00 | 86.00 | OK | 
Version: 1.0.9-1
Check: CRAN incoming feasibility
Result: NOTE
  Maintainer: ‘Masami Saga <msaga@mtb.biglobe.ne.jp>’
  
  No Authors@R field in DESCRIPTION.
  Please add one, modifying
    Authors@R: c(person(given = c("The", "Institute", "of", "Statistical"),
                        family = "Mathematics",
                        role = "aut"),
                 person(given = "Masami",
                        family = "Saga",
                        role = "cre",
                        email = "msaga@mtb.biglobe.ne.jp"))
  as necessary.
Flavors: r-devel-linux-x86_64-debian-clang, r-devel-linux-x86_64-debian-gcc