Last updated on 2025-10-31 13:51:01 CET.
| Flavor | Version | Tinstall | Tcheck | Ttotal | Status | Flags | 
|---|---|---|---|---|---|---|
| r-devel-linux-x86_64-debian-clang | 1.0.6 | 22.28 | 208.09 | 230.37 | OK | |
| r-devel-linux-x86_64-debian-gcc | 1.0.6 | 16.40 | 147.16 | 163.56 | OK | |
| r-devel-linux-x86_64-fedora-clang | 1.0.6 | 217.00 | 168.94 | 385.94 | OK | |
| r-devel-linux-x86_64-fedora-gcc | 1.0.6 | 50.00 | 284.25 | 334.25 | OK | |
| r-devel-windows-x86_64 | 1.0.6 | 24.00 | 188.00 | 212.00 | OK | |
| r-patched-linux-x86_64 | 1.0.6 | 0.33 | 1.76 | 2.09 | ERROR | |
| r-release-linux-x86_64 | 1.0.6 | 20.22 | 198.15 | 218.37 | OK | |
| r-release-macos-arm64 | 1.0.6 | 5.00 | ERROR | |||
| r-release-macos-x86_64 | 1.0.6 | 8.00 | ERROR | |||
| r-release-windows-x86_64 | 1.0.6 | 26.00 | 184.00 | 210.00 | OK | |
| r-oldrel-macos-arm64 | 1.0.6 | 10.00 | ERROR | |||
| r-oldrel-macos-x86_64 | 1.0.6 | 12.00 | ERROR | |||
| r-oldrel-windows-x86_64 | 1.0.6 | 34.00 | 242.00 | 276.00 | OK | 
Version: 1.0.6
Check: package dependencies
Result: ERROR
  Packages required but not available:
    'BSgenome.Hsapiens.UCSC.hg19', 'BSgenome.Hsapiens.UCSC.hg38'
  
  See section ‘The DESCRIPTION file’ in the ‘Writing R Extensions’
  manual.
Flavors: r-patched-linux-x86_64, r-release-macos-arm64, r-release-macos-x86_64, r-oldrel-macos-arm64, r-oldrel-macos-x86_64