Last updated on 2025-10-31 13:51:02 CET.
| Flavor | Version | Tinstall | Tcheck | Ttotal | Status | Flags | 
|---|---|---|---|---|---|---|
| r-devel-linux-x86_64-debian-clang | 0.1.0 | 54.93 | 44.51 | 99.44 | NOTE | |
| r-devel-linux-x86_64-debian-gcc | 0.1.0 | 32.46 | 33.86 | 66.32 | NOTE | |
| r-devel-linux-x86_64-fedora-clang | 0.1.0 | 87.00 | 87.49 | 174.49 | OK | |
| r-devel-linux-x86_64-fedora-gcc | 0.1.0 | 106.00 | 65.53 | 171.53 | OK | |
| r-devel-windows-x86_64 | 0.1.0 | 62.00 | 75.00 | 137.00 | OK | |
| r-patched-linux-x86_64 | 0.1.0 | 50.57 | 40.74 | 91.31 | OK | |
| r-release-linux-x86_64 | 0.1.0 | 49.66 | 41.30 | 90.96 | OK | |
| r-release-macos-arm64 | 0.1.0 | 19.00 | 33.00 | 52.00 | OK | |
| r-release-macos-x86_64 | 0.1.0 | 19.00 | 54.00 | 73.00 | OK | |
| r-release-windows-x86_64 | 0.1.0 | 62.00 | 81.00 | 143.00 | OK | |
| r-oldrel-macos-arm64 | 0.1.0 | 20.00 | 29.00 | 49.00 | OK | |
| r-oldrel-macos-x86_64 | 0.1.0 | 18.00 | 42.00 | 60.00 | OK | |
| r-oldrel-windows-x86_64 | 0.1.0 | 72.00 | 95.00 | 167.00 | OK | 
Version: 0.1.0
Check: CRAN incoming feasibility
Result: NOTE
  Maintainer: ‘Youngki Shin <shiny11@mcmaster.ca>’
  
  The Description field contains
    <arXiv:2209.14502> "Fast Inference for Quantile Regression with Tens of
  Please refer to arXiv e-prints via their arXiv DOI <doi:10.48550/arXiv.YYMM.NNNNN>.
Flavors: r-devel-linux-x86_64-debian-clang, r-devel-linux-x86_64-debian-gcc