Last updated on 2025-11-01 12:49:52 CET.
| Flavor | Version | Tinstall | Tcheck | Ttotal | Status | Flags |
|---|---|---|---|---|---|---|
| r-devel-linux-x86_64-debian-clang | 0.1.6 | 49.22 | 479.82 | 529.04 | OK | |
| r-devel-linux-x86_64-debian-gcc | 0.1.6 | 33.37 | 356.20 | 389.57 | OK | |
| r-devel-linux-x86_64-fedora-clang | 0.1.6 | 495.00 | 405.34 | 900.34 | OK | |
| r-devel-linux-x86_64-fedora-gcc | 0.1.6 | 263.00 | 595.80 | 858.80 | OK | |
| r-devel-windows-x86_64 | 0.1.6 | 55.00 | 399.00 | 454.00 | OK | |
| r-patched-linux-x86_64 | 0.1.6 | 0.35 | 1.96 | 2.31 | ERROR | |
| r-release-linux-x86_64 | 0.1.6 | 46.55 | 458.45 | 505.00 | OK | |
| r-release-macos-arm64 | 0.1.6 | 25.00 | 185.00 | 210.00 | OK | |
| r-release-macos-x86_64 | 0.1.6 | 47.00 | 344.00 | 391.00 | OK | |
| r-release-windows-x86_64 | 0.1.6 | 58.00 | 397.00 | 455.00 | OK | |
| r-oldrel-macos-arm64 | 0.1.6 | 21.00 | 124.00 | 145.00 | OK | |
| r-oldrel-macos-x86_64 | 0.1.6 | 34.00 | 211.00 | 245.00 | OK | |
| r-oldrel-windows-x86_64 | 0.1.6 | 72.00 | 521.00 | 593.00 | OK |
Version: 0.1.6
Check: package dependencies
Result: ERROR
Package required but not available: ‘GSVA’
See section ‘The DESCRIPTION file’ in the ‘Writing R Extensions’
manual.
Flavor: r-patched-linux-x86_64