CRAN Package Check Results for Package SMLoutliers

Last updated on 2025-11-27 13:48:49 CET.

Flavor Version Tinstall Tcheck Ttotal Status Flags
r-devel-linux-x86_64-debian-clang 0.1 1.67 19.18 20.85 NOTE
r-devel-linux-x86_64-debian-gcc 0.1 1.39 15.97 17.36 NOTE
r-devel-linux-x86_64-fedora-clang 0.1 30.21 OK
r-devel-linux-x86_64-fedora-gcc 0.1 29.24 OK
r-devel-windows-x86_64 0.1 3.00 33.00 36.00 OK
r-patched-linux-x86_64 0.1 1.65 18.41 20.06 OK
r-release-linux-x86_64 0.1 1.64 18.28 19.92 OK
r-release-macos-arm64 0.1 OK
r-release-macos-x86_64 0.1 2.00 20.00 22.00 OK
r-release-windows-x86_64 0.1 3.00 33.00 36.00 OK
r-oldrel-macos-arm64 0.1 OK
r-oldrel-macos-x86_64 0.1 1.00 19.00 20.00 OK
r-oldrel-windows-x86_64 0.1 3.00 35.00 38.00 OK

Check Details

Version: 0.1
Check: CRAN incoming feasibility
Result: NOTE Maintainer: ‘Siddharth Jain <siddharthjain242@gmail.com>’ No Authors@R field in DESCRIPTION. Please add one, modifying Authors@R: c(person(given = "Siddharth", family = "Jain", role = c("aut", "cre"), email = "siddharthjain242@gmail.com"), person(given = "Prabhanjan", family = "Tattar", role = "aut")) as necessary. Flavors: r-devel-linux-x86_64-debian-clang, r-devel-linux-x86_64-debian-gcc