Last updated on 2025-10-31 13:51:04 CET.
| Flavor | Version | Tinstall | Tcheck | Ttotal | Status | Flags | 
|---|---|---|---|---|---|---|
| r-devel-linux-x86_64-debian-clang | 0.1 | 2.90 | 24.01 | 26.91 | NOTE | |
| r-devel-linux-x86_64-debian-gcc | 0.1 | 1.94 | 18.75 | 20.69 | NOTE | |
| r-devel-linux-x86_64-fedora-clang | 0.1 | 38.90 | OK | |||
| r-devel-linux-x86_64-fedora-gcc | 0.1 | 37.69 | OK | |||
| r-devel-windows-x86_64 | 0.1 | 4.00 | 40.00 | 44.00 | OK | |
| r-patched-linux-x86_64 | 0.1 | 3.08 | 23.04 | 26.12 | OK | |
| r-release-linux-x86_64 | 0.1 | 2.45 | 22.71 | 25.16 | OK | |
| r-release-macos-arm64 | 0.1 | 1.00 | 14.00 | 15.00 | OK | |
| r-release-macos-x86_64 | 0.1 | 2.00 | 25.00 | 27.00 | OK | |
| r-release-windows-x86_64 | 0.1 | 4.00 | 43.00 | 47.00 | OK | |
| r-oldrel-macos-arm64 | 0.1 | 1.00 | 14.00 | 15.00 | OK | |
| r-oldrel-macos-x86_64 | 0.1 | 2.00 | 22.00 | 24.00 | OK | |
| r-oldrel-windows-x86_64 | 0.1 | 3.00 | 42.00 | 45.00 | OK | 
Version: 0.1
Check: CRAN incoming feasibility
Result: NOTE
  Maintainer: ‘Ming Wang <willnju@gmail.com>’
  
  No Authors@R field in DESCRIPTION.
  Please add one, modifying
    Authors@R: c(person(given = "Ming",
                        family = "Wang",
                        role = c("aut", "cre"),
                        email = "willnju@gmail.com"),
                 person(given = "Yongtao",
                        family = "Guan",
                        role = "aut"),
                 person(given = "Kun",
                        family = "Xu",
                        role = "aut"))
  as necessary.
Flavors: r-devel-linux-x86_64-debian-clang, r-devel-linux-x86_64-debian-gcc