CRAN Package Check Results for Package SQLove

Last updated on 2025-11-27 13:48:50 CET.

Flavor Version Tinstall Tcheck Ttotal Status Flags
r-devel-linux-x86_64-debian-clang 1.0.2 1.77 24.43 26.20 OK
r-devel-linux-x86_64-debian-gcc 1.0.2 1.42 20.84 22.26 OK
r-devel-linux-x86_64-fedora-clang 1.0.2 40.39 NOTE
r-devel-linux-x86_64-fedora-gcc 1.0.2 51.25 NOTE
r-devel-windows-x86_64 1.0.2 5.00 46.00 51.00 OK
r-patched-linux-x86_64 1.0.2 1.74 23.62 25.36 OK
r-release-linux-x86_64 1.0.2 1.34 23.11 24.45 OK
r-release-macos-arm64 1.0.2 OK
r-release-macos-x86_64 1.0.2 2.00 38.00 40.00 OK
r-release-windows-x86_64 1.0.2 4.00 46.00 50.00 OK
r-oldrel-macos-arm64 1.0.2 OK
r-oldrel-macos-x86_64 1.0.2 2.00 44.00 46.00 OK
r-oldrel-windows-x86_64 1.0.2 4.00 54.00 58.00 OK

Check Details

Version: 1.0.2
Check: dependencies in R code
Result: NOTE Namespace in Imports field not imported from: ‘odbc’ All declared Imports should be used. Flavors: r-devel-linux-x86_64-fedora-clang, r-devel-linux-x86_64-fedora-gcc