Last updated on 2025-10-31 13:51:01 CET.
| Flavor | Version | Tinstall | Tcheck | Ttotal | Status | Flags | 
|---|---|---|---|---|---|---|
| r-devel-linux-x86_64-debian-clang | 0.2.3 | 1.76 | 18.12 | 19.88 | NOTE | |
| r-devel-linux-x86_64-debian-gcc | 0.2.3 | 1.44 | 15.34 | 16.78 | NOTE | |
| r-devel-linux-x86_64-fedora-clang | 0.2.3 | 28.79 | OK | |||
| r-devel-linux-x86_64-fedora-gcc | 0.2.3 | 27.33 | OK | |||
| r-devel-windows-x86_64 | 0.2.3 | 3.00 | 33.00 | 36.00 | OK | |
| r-patched-linux-x86_64 | 0.2.3 | 1.74 | 16.94 | 18.68 | OK | |
| r-release-linux-x86_64 | 0.2.3 | 1.73 | 17.28 | 19.01 | OK | |
| r-release-macos-arm64 | 0.2.3 | 1.00 | 15.00 | 16.00 | OK | |
| r-release-macos-x86_64 | 0.2.3 | 1.00 | 20.00 | 21.00 | OK | |
| r-release-windows-x86_64 | 0.2.3 | 2.00 | 35.00 | 37.00 | OK | |
| r-oldrel-macos-arm64 | 0.2.3 | 1.00 | 12.00 | 13.00 | NOTE | |
| r-oldrel-macos-x86_64 | 0.2.3 | 2.00 | 22.00 | 24.00 | NOTE | |
| r-oldrel-windows-x86_64 | 0.2.3 | 2.00 | 35.00 | 37.00 | NOTE | 
Version: 0.2.3
Check: CRAN incoming feasibility
Result: NOTE
  Maintainer: ‘Hongchao Qi <hcqi1992@gmail.com>’
  
  No Authors@R field in DESCRIPTION.
  Please add one, modifying
    Authors@R: c(person(given = "Hongchao",
                        family = "Qi",
                        role = c("aut", "cre"),
                        email = "hcqi1992@gmail.com"),
                 person(given = "Fang",
                        family = "Zhu",
                        role = "aut"))
  as necessary.
Flavors: r-devel-linux-x86_64-debian-clang, r-devel-linux-x86_64-debian-gcc
Version: 0.2.3
Check: LazyData
Result: NOTE
    'LazyData' is specified without a 'data' directory
Flavors: r-oldrel-macos-arm64, r-oldrel-macos-x86_64, r-oldrel-windows-x86_64