Last updated on 2025-10-31 13:51:03 CET.
| Flavor | Version | Tinstall | Tcheck | Ttotal | Status | Flags | 
|---|---|---|---|---|---|---|
| r-devel-linux-x86_64-debian-clang | 0.1 | 5.71 | 57.44 | 63.15 | NOTE | |
| r-devel-linux-x86_64-debian-gcc | 0.1 | 5.07 | 42.56 | 47.63 | NOTE | |
| r-devel-linux-x86_64-fedora-clang | 0.1 | 16.00 | 80.76 | 96.76 | NOTE | |
| r-devel-linux-x86_64-fedora-gcc | 0.1 | 29.00 | 70.87 | 99.87 | NOTE | |
| r-devel-windows-x86_64 | 0.1 | 7.00 | 69.00 | 76.00 | OK | |
| r-patched-linux-x86_64 | 0.1 | 6.03 | 55.16 | 61.19 | NOTE | |
| r-release-linux-x86_64 | 0.1 | 6.49 | 54.70 | 61.19 | NOTE | |
| r-release-macos-arm64 | 0.1 | 4.00 | 32.00 | 36.00 | OK | |
| r-release-macos-x86_64 | 0.1 | 6.00 | 48.00 | 54.00 | OK | |
| r-release-windows-x86_64 | 0.1 | 8.00 | 71.00 | 79.00 | OK | |
| r-oldrel-macos-arm64 | 0.1 | 3.00 | 28.00 | 31.00 | OK | |
| r-oldrel-macos-x86_64 | 0.1 | 4.00 | 44.00 | 48.00 | OK | |
| r-oldrel-windows-x86_64 | 0.1 | 10.00 | 84.00 | 94.00 | OK | 
Version: 0.1
Check: CRAN incoming feasibility
Result: NOTE
  Maintainer: ‘Nusrat Rabbee <rabbee@berkeley.edu>’
  
  No Authors@R field in DESCRIPTION.
  Please add one, modifying
    Authors@R: c(person(given = "Danyi",
                        family = "Xiong",
                        role = "aut"),
                 person(given = "Teeranan",
                        family = "Pokaprakarn",
                        role = "aut"),
                 person(given = "Hiroto",
                        family = "Udagawa",
                        role = "aut"),
                 person(given = "Nusrat",
                        family = "Rabbee",
                        role = c("aut", "cre"),
                        email = "rabbee@berkeley.edu"))
  as necessary.
Flavors: r-devel-linux-x86_64-debian-clang, r-devel-linux-x86_64-debian-gcc
Version: 0.1
Check: Rd files
Result: NOTE
  checkRd: (-1) SimHaz-package.Rd:12-20: Only 2 columns allowed in this table (row 6 has 1)
Flavors: r-devel-linux-x86_64-debian-clang, r-devel-linux-x86_64-debian-gcc, r-devel-linux-x86_64-fedora-clang, r-devel-linux-x86_64-fedora-gcc
Version: 0.1
Check: for non-standard things in the check directory
Result: NOTE
  Found the following files/directories:
    ‘database.csv’ ‘output.csv’ ‘output_clst.csv’
Flavors: r-devel-linux-x86_64-debian-clang, r-devel-linux-x86_64-debian-gcc, r-devel-linux-x86_64-fedora-clang, r-devel-linux-x86_64-fedora-gcc, r-patched-linux-x86_64, r-release-linux-x86_64