Last updated on 2025-11-28 00:50:06 CET.
| Flavor | Version | Tinstall | Tcheck | Ttotal | Status | Flags |
|---|---|---|---|---|---|---|
| r-devel-linux-x86_64-debian-clang | 2.0.1 | 2.52 | 27.41 | 29.93 | NOTE | |
| r-devel-linux-x86_64-debian-gcc | 2.0.1 | 1.72 | 21.03 | 22.75 | NOTE | |
| r-devel-linux-x86_64-fedora-clang | 2.0.1 | 45.42 | OK | |||
| r-devel-linux-x86_64-fedora-gcc | 2.0.1 | 43.72 | OK | |||
| r-devel-windows-x86_64 | 2.0.1 | 4.00 | 48.00 | 52.00 | OK | |
| r-patched-linux-x86_64 | 2.0.1 | 3.09 | 25.32 | 28.41 | OK | |
| r-release-linux-x86_64 | 2.0.1 | 2.48 | 25.24 | 27.72 | OK | |
| r-release-macos-arm64 | 2.0.1 | OK | ||||
| r-release-macos-x86_64 | 2.0.1 | 2.00 | 26.00 | 28.00 | OK | |
| r-release-windows-x86_64 | 2.0.1 | 4.00 | 64.00 | 68.00 | OK | |
| r-oldrel-macos-arm64 | 2.0.1 | OK | ||||
| r-oldrel-macos-x86_64 | 2.0.1 | 2.00 | 23.00 | 25.00 | OK | |
| r-oldrel-windows-x86_64 | 2.0.1 | 5.00 | 56.00 | 61.00 | OK |
Version: 2.0.1
Check: CRAN incoming feasibility
Result: NOTE
Maintainer: ‘Lax Chan <laxchan77@gmail.com>’
The Description field contains
W., Vincent, K (2019) <arXiv:1902.05156>. This package explicitly
Please refer to arXiv e-prints via their arXiv DOI <doi:10.48550/arXiv.YYMM.NNNNN>.
Flavors: r-devel-linux-x86_64-debian-clang, r-devel-linux-x86_64-debian-gcc