Last updated on 2025-10-31 13:51:03 CET.
| Flavor | Version | Tinstall | Tcheck | Ttotal | Status | Flags | 
|---|---|---|---|---|---|---|
| r-devel-linux-x86_64-debian-clang | 1.5 | 5.16 | 52.48 | 57.64 | NOTE | |
| r-devel-linux-x86_64-debian-gcc | 1.5 | 3.53 | 36.99 | 40.52 | NOTE | |
| r-devel-linux-x86_64-fedora-clang | 1.5 | 11.00 | 77.20 | 88.20 | NOTE | |
| r-devel-linux-x86_64-fedora-gcc | 1.5 | 85.19 | NOTE | |||
| r-devel-windows-x86_64 | 1.5 | 6.00 | 63.00 | 69.00 | NOTE | |
| r-patched-linux-x86_64 | 1.5 | 4.68 | 49.22 | 53.90 | NOTE | |
| r-release-linux-x86_64 | 1.5 | 4.94 | 49.42 | 54.36 | NOTE | |
| r-release-macos-arm64 | 1.5 | 2.00 | 24.00 | 26.00 | NOTE | |
| r-release-macos-x86_64 | 1.5 | 4.00 | 44.00 | 48.00 | NOTE | |
| r-release-windows-x86_64 | 1.5 | 7.00 | 64.00 | 71.00 | NOTE | |
| r-oldrel-macos-arm64 | 1.5 | 2.00 | 25.00 | 27.00 | NOTE | |
| r-oldrel-macos-x86_64 | 1.5 | 3.00 | 34.00 | 37.00 | NOTE | |
| r-oldrel-windows-x86_64 | 1.5 | 10.00 | 80.00 | 90.00 | NOTE | 
Version: 1.5
Check: CRAN incoming feasibility
Result: NOTE
  Maintainer: ‘John P. Nolan <jpnolan@american.edu>’
  
  No Authors@R field in DESCRIPTION.
  Please add one, modifying
    Authors@R: c(person(given = c("John", "P."),
                        family = "Nolan",
                        role = c("aut", "cre"),
                        email = "jpnolan@american.edu"),
                 person(given = "American",
                        family = "University",
                        role = "aut"))
  as necessary.
Flavors: r-devel-linux-x86_64-debian-clang, r-devel-linux-x86_64-debian-gcc
Version: 1.5
Check: Rd files
Result: NOTE
  checkRd: (-1) adaptIntegrateSpherePolar.Rd:14: Lost braces
      14 | code{adaptIntegrateBallPolar()} will likely miss these abrupt changes and give
         |     ^
Flavors: r-devel-linux-x86_64-debian-clang, r-devel-linux-x86_64-debian-gcc, r-devel-linux-x86_64-fedora-clang, r-devel-linux-x86_64-fedora-gcc, r-devel-windows-x86_64, r-patched-linux-x86_64, r-release-linux-x86_64, r-release-macos-arm64, r-release-macos-x86_64, r-release-windows-x86_64, r-oldrel-macos-arm64, r-oldrel-macos-x86_64, r-oldrel-windows-x86_64